{"id":30,"date":"2020-02-20T13:28:48","date_gmt":"2020-02-20T13:28:48","guid":{"rendered":"https:\/\/waldbauverein-otterberg.de\/?page_id=30"},"modified":"2026-03-26T15:36:44","modified_gmt":"2026-03-26T15:36:44","slug":"geschaeftsstelle","status":"publish","type":"page","link":"https:\/\/waldbauverein-otterberg.de\/?page_id=30","title":{"rendered":"Gesch\u00e4ftsstelle"},"content":{"rendered":"\n<p>Die Gesch\u00e4ftsstelle ist dem Forstamt Otterberg angegliedert, <br>Gesch\u00e4ftsf\u00fchrer ist Forstamtsleiter Tobias Adam.<\/p>\n\n\n\n<p>Waldbauverein Otterberg e.V.<br>c\/o Tobias Adam<br>Otterstr. 47<br>67697 Otterberg<\/p>\n\n\n\n<p><\/p>\n","protected":false},"excerpt":{"rendered":"<p>Die Gesch\u00e4ftsstelle ist dem Forstamt Otterberg angegliedert, Gesch\u00e4ftsf\u00fchrer ist Forstamtsleiter Tobias Adam. Waldbauverein Otterberg e.V.c\/o Tobias AdamOtterstr. 4767697 Otterberg<\/p>\n","protected":false},"author":1,"featured_media":0,"parent":27,"menu_order":2,"comment_status":"closed","ping_status":"closed","template":"","meta":{"footnotes":""},"class_list":["post-30","page","type-page","status-publish","hentry"],"_links":{"self":[{"href":"https:\/\/waldbauverein-otterberg.de\/index.php?rest_route=\/wp\/v2\/pages\/30","targetHints":{"allow":["GET"]}}],"collection":[{"href":"https:\/\/waldbauverein-otterberg.de\/index.php?rest_route=\/wp\/v2\/pages"}],"about":[{"href":"https:\/\/waldbauverein-otterberg.de\/index.php?rest_route=\/wp\/v2\/types\/page"}],"author":[{"embeddable":true,"href":"https:\/\/waldbauverein-otterberg.de\/index.php?rest_route=\/wp\/v2\/users\/1"}],"replies":[{"embeddable":true,"href":"https:\/\/waldbauverein-otterberg.de\/index.php?rest_route=%2Fwp%2Fv2%2Fcomments&post=30"}],"version-history":[{"count":7,"href":"https:\/\/waldbauverein-otterberg.de\/index.php?rest_route=\/wp\/v2\/pages\/30\/revisions"}],"predecessor-version":[{"id":821,"href":"https:\/\/waldbauverein-otterberg.de\/index.php?rest_route=\/wp\/v2\/pages\/30\/revisions\/821"}],"up":[{"embeddable":true,"href":"https:\/\/waldbauverein-otterberg.de\/index.php?rest_route=\/wp\/v2\/pages\/27"}],"wp:attachment":[{"href":"https:\/\/waldbauverein-otterberg.de\/index.php?rest_route=%2Fwp%2Fv2%2Fmedia&parent=30"}],"curies":[{"name":"wp","href":"https:\/\/api.w.org\/{rel}","templated":true}]}}