{"id":305,"date":"2022-03-08T18:04:25","date_gmt":"2022-03-08T18:04:25","guid":{"rendered":"https:\/\/waldbauverein-otterberg.de\/?page_id=305"},"modified":"2025-10-23T22:23:30","modified_gmt":"2025-10-23T22:23:30","slug":"mitgliederversammlung-2021","status":"publish","type":"page","link":"https:\/\/waldbauverein-otterberg.de\/?page_id=305","title":{"rendered":"MGV  2021"},"content":{"rendered":"\n<p>Der Waldbauverein Otterberg e.V. (WBV) f\u00fchrte seine  <strong>Mitgliederversammlung<\/strong> am <strong>Dienstag, den 2.11.2021<\/strong>  in der <strong>Stadthalle Otterberg<\/strong>, Hauptstr. 28 von 19:00 bis 21:20 Uhr durch.<br><strong>Tagesordnung<\/strong><br>TOP 1: Begr\u00fc\u00dfung und Totenehrung durch den Vorsitzenden<br>TOP 2: Bericht des Gesch\u00e4ftsf\u00fchrers u. a. Informationen zur Zertifizierung<br>TOP 3: Bericht des Schatzmeisters 2019 und 2020<br>TOP 4: Bericht der Kassenpr\u00fcfer 2019 und 2020<br>TOP 5: Entlastung des Vorstandes 2019 und 2020<br>TOP 6: Referate<br>&nbsp;&nbsp;&nbsp;&nbsp;&nbsp;&nbsp;&nbsp;&nbsp; a) Privatwaldbetreuung im Forstamt Donnersberg (Bungert)<br>&nbsp;&nbsp;&nbsp;&nbsp;&nbsp;&nbsp;&nbsp;&nbsp; b) Privatwaldbetreuung im Forstamt Otterberg, \u00dcberblick \u00fcber <br>              F\u00f6rderung &nbsp;(Siebert)&nbsp;&nbsp;<br>  &nbsp;&nbsp;&nbsp;&nbsp;&nbsp;&nbsp; c) Waldb\u00f6rse (M\u00fcller)<br>         d) Bundeswaldpr\u00e4mie (Haag)<br>TOP 7: Termine ( 1.Vorsitzender) <br>TOP 8: Referat <strong>Dr. Wolfgang Schuh<\/strong>, Gesch\u00e4ftsf\u00fchrer des <br>             Waldbesitzerverbandes Rheinland-Pfalz e.V. : <br>             <strong>Aktuelle Themen aus der Forstpolitik<\/strong><br>TOP 9: Referat <strong>Hans-Werner Schr\u00f6ck<\/strong>, Forschungsbereichsleiter  <br>            Waldmonitoring und Umweltvorsorge an der Forschungsanstalt f\u00fcr<br>            Wald\u00f6kologie und Forstwirtschaft: <strong>Wald im Klimawandel<\/strong><\/p>\n\n\n\n<div data-wp-interactive=\"core\/file\" class=\"wp-block-file\"><object data-wp-bind--hidden=\"!state.hasPdfPreview\" hidden class=\"wp-block-file__embed\" data=\"https:\/\/waldbauverein-otterberg.de\/wp-content\/uploads\/2021\/11\/Waldbauverein_Otterberg.pdf\" type=\"application\/pdf\" style=\"width:100%;height:600px\" aria-label=\"Einbettung von Einbettung von Waldbauverein_Otterberg..\"><\/object><a href=\"https:\/\/waldbauverein-otterberg.de\/wp-content\/uploads\/2021\/11\/Waldbauverein_Otterberg.pdf\">Waldbauverein_Otterberg<\/a><a href=\"https:\/\/waldbauverein-otterberg.de\/wp-content\/uploads\/2021\/11\/Waldbauverein_Otterberg.pdf\" class=\"wp-block-file__button\" download>Herunterladen<\/a><\/div>\n\n\n\n<p><\/p>\n","protected":false},"excerpt":{"rendered":"<p>Der Waldbauverein Otterberg e.V. (WBV) f\u00fchrte seine Mitgliederversammlung am Dienstag, den 2.11.2021 in der Stadthalle Otterberg, Hauptstr. 28 von 19:00 bis 21:20 Uhr durch.TagesordnungTOP 1: Begr\u00fc\u00dfung und Totenehrung durch den VorsitzendenTOP 2: Bericht des Gesch\u00e4ftsf\u00fchrers u. a. Informationen zur ZertifizierungTOP 3: Bericht des Schatzmeisters 2019 und 2020TOP 4: Bericht der Kassenpr\u00fcfer 2019 und 2020TOP 5: [&hellip;]<\/p>\n","protected":false},"author":1,"featured_media":0,"parent":41,"menu_order":48,"comment_status":"closed","ping_status":"closed","template":"","meta":{"footnotes":""},"class_list":["post-305","page","type-page","status-publish","hentry"],"_links":{"self":[{"href":"https:\/\/waldbauverein-otterberg.de\/index.php?rest_route=\/wp\/v2\/pages\/305","targetHints":{"allow":["GET"]}}],"collection":[{"href":"https:\/\/waldbauverein-otterberg.de\/index.php?rest_route=\/wp\/v2\/pages"}],"about":[{"href":"https:\/\/waldbauverein-otterberg.de\/index.php?rest_route=\/wp\/v2\/types\/page"}],"author":[{"embeddable":true,"href":"https:\/\/waldbauverein-otterberg.de\/index.php?rest_route=\/wp\/v2\/users\/1"}],"replies":[{"embeddable":true,"href":"https:\/\/waldbauverein-otterberg.de\/index.php?rest_route=%2Fwp%2Fv2%2Fcomments&post=305"}],"version-history":[{"count":4,"href":"https:\/\/waldbauverein-otterberg.de\/index.php?rest_route=\/wp\/v2\/pages\/305\/revisions"}],"predecessor-version":[{"id":769,"href":"https:\/\/waldbauverein-otterberg.de\/index.php?rest_route=\/wp\/v2\/pages\/305\/revisions\/769"}],"up":[{"embeddable":true,"href":"https:\/\/waldbauverein-otterberg.de\/index.php?rest_route=\/wp\/v2\/pages\/41"}],"wp:attachment":[{"href":"https:\/\/waldbauverein-otterberg.de\/index.php?rest_route=%2Fwp%2Fv2%2Fmedia&parent=305"}],"curies":[{"name":"wp","href":"https:\/\/api.w.org\/{rel}","templated":true}]}}