{"id":309,"date":"2022-03-08T18:04:11","date_gmt":"2022-03-08T18:04:11","guid":{"rendered":"https:\/\/waldbauverein-otterberg.de\/?page_id=309"},"modified":"2025-10-23T22:15:35","modified_gmt":"2025-10-23T22:15:35","slug":"mitgliederversammlung-2019","status":"publish","type":"page","link":"https:\/\/waldbauverein-otterberg.de\/?page_id=309","title":{"rendered":"MGV 2019"},"content":{"rendered":"\n<p><strong>Wo sind Fasseichen?<\/strong><\/p>\n\n\n\n<p>Bei der j\u00e4hrlich stattfindenden Mitgliederversammlung am Mittwoch, dem 20. M\u00e4rz 2019 des Waldbauvereins Otterberg (WBV) im Hotel Badstube Otterberg begr\u00fc\u00dfte der 1. Vorsitzender Prof. Dr. Albrecht Sch\u00e4fer die Anwesenden und gab die Zahl 458 als neusten Mitgliederstand bekannt.<\/p>\n\n\n\n<p>Gesch\u00e4ftsf\u00fchrer Markus Gatti gab einen \u00dcberblick \u00fcber die Aktivit\u00e4ten des WBV: Exkursionen zum Gebrauch eines mobilen S\u00e4gewerkes sowie zu den Themen \u201eWald geerbt &#8211; was nun?\u201c und Harvestereinsatz, Mithilfe beim Altstadtfest Otterberg, viert\u00e4gige Waldbauexkursion ins Elsa\u00df, Pr\u00e4sentation beim Brennholztag im Zellertal, Auf- und Abbau von Weihnachtsbuden in Otterberg. Aufgrund der Berichte des Schatzmeisters Herbert Brand und des Kassenpr\u00fcfers Peter Strasser konnte der Vorstand entlastet werden.<\/p>\n\n\n\n<p>Herr Erwin M\u00fcller bot nochmals seine Dienste beim Verleihen von vereinseigenen Ger\u00e4ten sowie die interne Vermittlung von Waldan- und<br> \u2013verk\u00e4ufen an (Kontakt: <a href=\"mailto:erwin.mueller1@web.de).\">erwin.mueller1@web.de).<\/a><br>Ines Lang und Ditmar Bungert erl\u00e4uterten ihre Arbeit bei der Privatwaldbetreuung in den Forst\u00e4mtern Otterberg und Donnersberg. Sie sind auch die jeweiligen Ansprechpartner f\u00fcr die Privatwaldbesitzer.<\/p>\n\n\n\n<p>F\u00fcr das laufende Jahr sind wiederum mehrere Vereinsaktivit\u00e4ten vorgesehen. Bei ausreichendem Interesse wird ein Motors\u00e4genkurs f\u00fcr Privatwaldbesitzer durchgef\u00fchrt. Anmeldungen sind direkt bei Herrn Winicker (<a href=\"mailto:elmar.winicker@wald-rlp.de\">elmar.winicker@wald-rlp.de<\/a>) m\u00f6glich. Am 5. April 2019 k\u00f6nnen sich Waldbauern \u00fcber die Waldbewirtschaftung auf dem Donnersberg vom dortigen Forstamtsleiter Lothar Runge und vom zust\u00e4ndigen Revierleiter Martin Teuber informieren: Treffpunkt um 14:00 Uhr auf dem Parkplatz Donnersberg. Am 30. April 2019 findet eine Exkursion nach Bad D\u00fcrkheim zur Firma Wilhelm Eder statt. Sie stellt u.a. F\u00e4sser her und wird den Waldbauern als potentielle Holzverk\u00e4ufer die Qualit\u00e4tskriterien der daf\u00fcr ben\u00f6tigten Eichen vorstellen. Abfahrt hierzu ist um 12:00 h an der Stadthalle in Otterberg. Die Fahrt ist kostenlos. Nichtmitglieder sind gerne willkommen. Die Gro\u00dfe Waldbauexkursion f\u00fchrt den Verein dieses Jahr nach Sachsen in der Zeit vom 12.- 15. September 2019. F\u00fcr alle Aktivit\u00e4ten kann man sich bei der Gesch\u00e4ftsstelle am Forstamt Otterberg (06301 7926 17) oder bei Herrn Brand (Tel. 06301 4222) anmelden.<\/p>\n\n\n\n<p>Im Anschluss an die Mitgliederversammlung referierte Dr. Wolfgang Schuh vom Waldbesitzerverband Rheinland-Pfalz \u00fcber aktuelle forstpolitische Themen. Neben F\u00f6rderm\u00f6glichkeiten f\u00fcr Privatwaldbesitzer und der Trennung der Vermarktung von Holz aus Kommunal- und Privatwald vom Holz aus dem Staatswald ging er haupts\u00e4chlich auf die \u00e4u\u00dferst schwierige Holzmarktsituation ein. Nicht nur die Borkenk\u00e4fersch\u00e4den aus dem letzten Jahr und die aktuellen Sturmwurfsch\u00e4den sondern vor allem die drohende Borkenk\u00e4ferkalamit\u00e4t in der kommenden Vegetationsperiode lassen nichts Gutes erahnen.<\/p>\n\n\n\n<p>Werner \u00d6chsler und Torsten Windecker von der Sozialversicherung Landwirtschaft, Forsten und Gartenbau (SVLFG) erl\u00e4uterten die unumg\u00e4nglichen Sicherheitsvorschriften bei der immer noch sehr gef\u00e4hrlichen Waldarbeit und standen f\u00fcr Fragen zum Arbeitsschutz im Wald zur Verf\u00fcgung.<\/p>\n\n\n\n<p>Prof. Sch\u00e4fer schloss die Versammlung mit einem Dankesch\u00f6n an die Referenten und die anwesenden Mitglieder f\u00fcr ihr Interesse.<\/p>\n","protected":false},"excerpt":{"rendered":"<p>Wo sind Fasseichen? Bei der j\u00e4hrlich stattfindenden Mitgliederversammlung am Mittwoch, dem 20. M\u00e4rz 2019 des Waldbauvereins Otterberg (WBV) im Hotel Badstube Otterberg begr\u00fc\u00dfte der 1. Vorsitzender Prof. Dr. Albrecht Sch\u00e4fer die Anwesenden und gab die Zahl 458 als neusten Mitgliederstand bekannt. Gesch\u00e4ftsf\u00fchrer Markus Gatti gab einen \u00dcberblick \u00fcber die Aktivit\u00e4ten des WBV: Exkursionen zum Gebrauch [&hellip;]<\/p>\n","protected":false},"author":1,"featured_media":0,"parent":41,"menu_order":50,"comment_status":"closed","ping_status":"closed","template":"","meta":{"footnotes":""},"class_list":["post-309","page","type-page","status-publish","hentry"],"_links":{"self":[{"href":"https:\/\/waldbauverein-otterberg.de\/index.php?rest_route=\/wp\/v2\/pages\/309","targetHints":{"allow":["GET"]}}],"collection":[{"href":"https:\/\/waldbauverein-otterberg.de\/index.php?rest_route=\/wp\/v2\/pages"}],"about":[{"href":"https:\/\/waldbauverein-otterberg.de\/index.php?rest_route=\/wp\/v2\/types\/page"}],"author":[{"embeddable":true,"href":"https:\/\/waldbauverein-otterberg.de\/index.php?rest_route=\/wp\/v2\/users\/1"}],"replies":[{"embeddable":true,"href":"https:\/\/waldbauverein-otterberg.de\/index.php?rest_route=%2Fwp%2Fv2%2Fcomments&post=309"}],"version-history":[{"count":3,"href":"https:\/\/waldbauverein-otterberg.de\/index.php?rest_route=\/wp\/v2\/pages\/309\/revisions"}],"predecessor-version":[{"id":765,"href":"https:\/\/waldbauverein-otterberg.de\/index.php?rest_route=\/wp\/v2\/pages\/309\/revisions\/765"}],"up":[{"embeddable":true,"href":"https:\/\/waldbauverein-otterberg.de\/index.php?rest_route=\/wp\/v2\/pages\/41"}],"wp:attachment":[{"href":"https:\/\/waldbauverein-otterberg.de\/index.php?rest_route=%2Fwp%2Fv2%2Fmedia&parent=309"}],"curies":[{"name":"wp","href":"https:\/\/api.w.org\/{rel}","templated":true}]}}