{"id":312,"date":"2022-03-08T18:08:10","date_gmt":"2022-03-08T18:08:10","guid":{"rendered":"https:\/\/waldbauverein-otterberg.de\/?page_id=312"},"modified":"2025-10-23T22:13:21","modified_gmt":"2025-10-23T22:13:21","slug":"lebenspfadwanderung-am-23-10-2020","status":"publish","type":"page","link":"https:\/\/waldbauverein-otterberg.de\/?page_id=312","title":{"rendered":"Lebenspfadwanderung am 23.10.2020"},"content":{"rendered":"\n<p id=\"block-ce02cd78-689f-4514-83bb-e2dac1159b73\">Immerhin konnten zwanzig Vereinsmitglieder den Lebenspfad Alsenborn auf sich wirken lassen. Anton M\u00fcller, der ehemalige Forstamtsleiter des Forstamtes Otterberg und Mitinitiator des Lebenspfades f\u00fchrte am 23. Oktober 2020 die Gruppe \u00fcber den viereinhalb Kilometer langen Parcour. Begonnen wurde die Wanderung an der Alsenzquelle, sinnbildlich f\u00fcr die Geburt eines Menschen. Dann ging es weiter vorbei an den Stationen \u201eWegekreuz\u201c, \u201eRuhebank\u201c und \u201eFamilienbaum\u201c, die symbolisch f\u00fcr ein Menschenleben stehen oder stehen k\u00f6nnen. Auch der Lebensweg kann an eine Kreuzung kommen, wo man sich f\u00fcr eine Richtung entscheiden muss. Auszeiten und auch die Familienplanung d\u00fcrfte bei vielen eine wichtige Rolle im Leben gespielt haben oder noch spielen. F\u00fcr alle sehr nachdenklich war die Station \u201eUnfalltod\u201c direkt neben der Autobahn 6. Hier ereignete sich vor Jahren ein Unfall mit Todesfolge. Und doch geht der Weg f\u00fcr die Hinterbliebenen weiter. \u201eAussichten\u201c, \u201eFeldkreuz\u201c und \u201eLabyrinth\u201c liegen nahe beieinander und laden zum Verweilen ein. Bei Kaffee und Kuchen bzw. Brezeln st\u00e4rkte sich die Gruppe, um auch das Abschlusswegest\u00fcck noch zu bew\u00e4ltigen. Beendet wurde die Wanderung auf dem ehemaligen Friedhof an der Protestantischen Kirche in Alsenborn. Der Friedhof wurde bewusst als Lebenspfadende und somit symbolisch f\u00fcr das Lebensende gew\u00e4hlt.<\/p>\n\n\n\n<p id=\"block-edbfd129-8d22-4c15-a377-d18bd609082b\">Prof. Albrecht Sch\u00e4fer bedankte sich als Vorsitzender des WBV au\u00dferordentlich f\u00fcr die interessante F\u00fchrung bei Herrn M\u00fcller. Er gehe genauso wie Anton M\u00fcller davon aus, dass die meisten Teilnehmer*innen den Lebenspfad hier in Enkenbach-Alsenborn nochmals besuchen werden. Generell kann jedem empfohlen werden, diesen beeindruckenden und Gedanken anregenden Pfad selbst zu erkunden.<\/p>\n\n\n\n<figure class=\"wp-block-image\"><img decoding=\"async\" src=\"https:\/\/waldbauverein-otterberg.de\/wp-content\/uploads\/2020\/10\/IMG_20201023_140321-1024x768.jpg\" alt=\"\"\/><\/figure>\n\n\n\n<figure class=\"wp-block-image\"><img decoding=\"async\" src=\"https:\/\/waldbauverein-otterberg.de\/wp-content\/uploads\/2020\/10\/IMG_20201023_140325-1024x768.jpg\" alt=\"\"\/><\/figure>\n\n\n\n<figure class=\"wp-block-image\"><img decoding=\"async\" src=\"https:\/\/waldbauverein-otterberg.de\/wp-content\/uploads\/2020\/10\/IMG_20201023_140349-1024x768.jpg\" alt=\"\"\/><\/figure>\n\n\n\n<figure class=\"wp-block-image\"><img decoding=\"async\" src=\"https:\/\/waldbauverein-otterberg.de\/wp-content\/uploads\/2020\/10\/IMG_20201023_140354-1024x768.jpg\" alt=\"\"\/><\/figure>\n\n\n\n<figure class=\"wp-block-image\"><img decoding=\"async\" src=\"https:\/\/waldbauverein-otterberg.de\/wp-content\/uploads\/2020\/10\/IMG_20201023_140400-1024x768.jpg\" alt=\"\"\/><\/figure>\n\n\n\n<figure class=\"wp-block-image\"><img decoding=\"async\" src=\"https:\/\/waldbauverein-otterberg.de\/wp-content\/uploads\/2020\/10\/IMG_20201023_141034-768x1024.jpg\" alt=\"\"\/><\/figure>\n\n\n\n<figure class=\"wp-block-image\"><img decoding=\"async\" src=\"https:\/\/waldbauverein-otterberg.de\/wp-content\/uploads\/2020\/10\/IMG_20201023_141050-768x1024.jpg\" alt=\"\"\/><\/figure>\n\n\n\n<figure class=\"wp-block-image\"><img decoding=\"async\" src=\"https:\/\/waldbauverein-otterberg.de\/wp-content\/uploads\/2020\/10\/IMG_20201023_141125-768x1024.jpg\" alt=\"\"\/><\/figure>\n\n\n\n<figure class=\"wp-block-image\"><img decoding=\"async\" src=\"https:\/\/waldbauverein-otterberg.de\/wp-content\/uploads\/2020\/10\/IMG_20201023_143415-1024x768.jpg\" alt=\"\"\/><\/figure>\n\n\n\n<figure class=\"wp-block-image\"><img decoding=\"async\" src=\"https:\/\/waldbauverein-otterberg.de\/wp-content\/uploads\/2020\/10\/IMG_20201023_144054-768x1024.jpg\" alt=\"\"\/><\/figure>\n\n\n\n<figure class=\"wp-block-image\"><img decoding=\"async\" src=\"https:\/\/waldbauverein-otterberg.de\/wp-content\/uploads\/2020\/10\/IMG_20201023_144114-1024x768.jpg\" alt=\"\"\/><\/figure>\n\n\n\n<figure class=\"wp-block-image\"><img decoding=\"async\" src=\"https:\/\/waldbauverein-otterberg.de\/wp-content\/uploads\/2020\/10\/IMG_20201023_144117-768x1024.jpg\" alt=\"\"\/><\/figure>\n\n\n\n<figure class=\"wp-block-image\"><img decoding=\"async\" src=\"https:\/\/waldbauverein-otterberg.de\/wp-content\/uploads\/2020\/10\/IMG_20201023_144200-1024x768.jpg\" alt=\"\"\/><\/figure>\n\n\n\n<figure class=\"wp-block-image\"><img decoding=\"async\" src=\"https:\/\/waldbauverein-otterberg.de\/wp-content\/uploads\/2020\/10\/IMG_20201023_144233-768x1024.jpg\" alt=\"\"\/><\/figure>\n\n\n\n<figure class=\"wp-block-image\"><img decoding=\"async\" src=\"https:\/\/waldbauverein-otterberg.de\/wp-content\/uploads\/2020\/10\/IMG_20201023_144542-768x1024.jpg\" alt=\"\"\/><\/figure>\n\n\n\n<figure class=\"wp-block-image\"><img decoding=\"async\" src=\"https:\/\/waldbauverein-otterberg.de\/wp-content\/uploads\/2020\/10\/IMG_20201023_144559-1024x768.jpg\" alt=\"\"\/><\/figure>\n\n\n\n<figure class=\"wp-block-image\"><img decoding=\"async\" src=\"https:\/\/waldbauverein-otterberg.de\/wp-content\/uploads\/2020\/10\/IMG_20201023_144611-1024x768.jpg\" alt=\"\"\/><\/figure>\n\n\n\n<figure class=\"wp-block-image\"><img decoding=\"async\" src=\"https:\/\/waldbauverein-otterberg.de\/wp-content\/uploads\/2020\/10\/IMG_20201023_144623-1024x768.jpg\" alt=\"\"\/><\/figure>\n\n\n\n<figure class=\"wp-block-image\"><img decoding=\"async\" src=\"https:\/\/waldbauverein-otterberg.de\/wp-content\/uploads\/2020\/10\/IMG_20201023_145316-768x1024.jpg\" alt=\"\"\/><\/figure>\n\n\n\n<figure class=\"wp-block-image\"><img decoding=\"async\" src=\"https:\/\/waldbauverein-otterberg.de\/wp-content\/uploads\/2020\/10\/Familienbaum-768x1024.jpg\" alt=\"\"\/><\/figure>\n\n\n\n<figure class=\"wp-block-image\"><img decoding=\"async\" src=\"https:\/\/waldbauverein-otterberg.de\/wp-content\/uploads\/2020\/10\/IMG_20201023_150054-1024x768.jpg\" alt=\"\"\/><\/figure>\n\n\n\n<figure class=\"wp-block-image\"><img decoding=\"async\" src=\"https:\/\/waldbauverein-otterberg.de\/wp-content\/uploads\/2020\/10\/IMG_20201023_150106-768x1024.jpg\" alt=\"\"\/><\/figure>\n\n\n\n<figure class=\"wp-block-image\"><img decoding=\"async\" src=\"https:\/\/waldbauverein-otterberg.de\/wp-content\/uploads\/2020\/10\/IMG_20201023_151324-1024x768.jpg\" alt=\"\"\/><\/figure>\n\n\n\n<figure class=\"wp-block-image\"><img decoding=\"async\" src=\"https:\/\/waldbauverein-otterberg.de\/wp-content\/uploads\/2020\/10\/IMG_20201023_151334-768x1024.jpg\" alt=\"\"\/><\/figure>\n\n\n\n<figure class=\"wp-block-image\"><img decoding=\"async\" src=\"https:\/\/waldbauverein-otterberg.de\/wp-content\/uploads\/2020\/10\/IMG_20201023_151408-1024x768.jpg\" alt=\"\"\/><\/figure>\n\n\n\n<figure class=\"wp-block-image\"><img decoding=\"async\" src=\"https:\/\/waldbauverein-otterberg.de\/wp-content\/uploads\/2020\/10\/IMG_20201023_151810-768x1024.jpg\" alt=\"\"\/><\/figure>\n\n\n\n<figure class=\"wp-block-image\"><img decoding=\"async\" src=\"https:\/\/waldbauverein-otterberg.de\/wp-content\/uploads\/2020\/10\/IMG_20201023_151828-1024x768.jpg\" alt=\"\"\/><\/figure>\n\n\n\n<figure class=\"wp-block-image\"><img decoding=\"async\" src=\"https:\/\/waldbauverein-otterberg.de\/wp-content\/uploads\/2020\/10\/IMG_20201023_153715-768x1024.jpg\" alt=\"\"\/><\/figure>\n\n\n\n<figure class=\"wp-block-image\"><img decoding=\"async\" src=\"https:\/\/waldbauverein-otterberg.de\/wp-content\/uploads\/2020\/10\/IMG_20201023_163237-768x1024.jpg\" alt=\"\"\/><\/figure>\n\n\n\n<figure class=\"wp-block-image\"><img decoding=\"async\" src=\"https:\/\/waldbauverein-otterberg.de\/wp-content\/uploads\/2020\/10\/IMG_20201023_163247-1024x768.jpg\" alt=\"\"\/><\/figure>\n","protected":false},"excerpt":{"rendered":"<p>Immerhin konnten zwanzig Vereinsmitglieder den Lebenspfad Alsenborn auf sich wirken lassen. Anton M\u00fcller, der ehemalige Forstamtsleiter des Forstamtes Otterberg und Mitinitiator des Lebenspfades f\u00fchrte am 23. Oktober 2020 die Gruppe \u00fcber den viereinhalb Kilometer langen Parcour. Begonnen wurde die Wanderung an der Alsenzquelle, sinnbildlich f\u00fcr die Geburt eines Menschen. Dann ging es weiter vorbei an [&hellip;]<\/p>\n","protected":false},"author":1,"featured_media":0,"parent":41,"menu_order":49,"comment_status":"closed","ping_status":"closed","template":"","meta":{"footnotes":""},"class_list":["post-312","page","type-page","status-publish","hentry"],"_links":{"self":[{"href":"https:\/\/waldbauverein-otterberg.de\/index.php?rest_route=\/wp\/v2\/pages\/312","targetHints":{"allow":["GET"]}}],"collection":[{"href":"https:\/\/waldbauverein-otterberg.de\/index.php?rest_route=\/wp\/v2\/pages"}],"about":[{"href":"https:\/\/waldbauverein-otterberg.de\/index.php?rest_route=\/wp\/v2\/types\/page"}],"author":[{"embeddable":true,"href":"https:\/\/waldbauverein-otterberg.de\/index.php?rest_route=\/wp\/v2\/users\/1"}],"replies":[{"embeddable":true,"href":"https:\/\/waldbauverein-otterberg.de\/index.php?rest_route=%2Fwp%2Fv2%2Fcomments&post=312"}],"version-history":[{"count":2,"href":"https:\/\/waldbauverein-otterberg.de\/index.php?rest_route=\/wp\/v2\/pages\/312\/revisions"}],"predecessor-version":[{"id":314,"href":"https:\/\/waldbauverein-otterberg.de\/index.php?rest_route=\/wp\/v2\/pages\/312\/revisions\/314"}],"up":[{"embeddable":true,"href":"https:\/\/waldbauverein-otterberg.de\/index.php?rest_route=\/wp\/v2\/pages\/41"}],"wp:attachment":[{"href":"https:\/\/waldbauverein-otterberg.de\/index.php?rest_route=%2Fwp%2Fv2%2Fmedia&parent=312"}],"curies":[{"name":"wp","href":"https:\/\/api.w.org\/{rel}","templated":true}]}}