{"id":356,"date":"2022-09-26T22:30:31","date_gmt":"2022-09-26T22:30:31","guid":{"rendered":"https:\/\/waldbauverein-otterberg.de\/?page_id=356"},"modified":"2025-10-23T22:03:20","modified_gmt":"2025-10-23T22:03:20","slug":"356-2","status":"publish","type":"page","link":"https:\/\/waldbauverein-otterberg.de\/?page_id=356","title":{"rendered":"WBV im Allg\u00e4u"},"content":{"rendered":"\n<p>Der Waldbauverein Otterberg e.V. konnte endlich seine schon seit drei Jahren geplante Exkursion in das Allg\u00e4u durchf\u00fchren. Vom 8. bis zum 11. September 2022 genossen die Teilnehmer*innen sowohl forstliche Themen als auch landschaftliche Reize. Noch am Anfahrtstag wurde das S\u00e4gewerk Seltmann bei Kempten besucht. Es handelt sich um einen Familienbetrieb mit einem j\u00e4hrlichen Einschnitt von etwa zehntausend Festmetern. Mit der traditionellen Gattertechnik wird hier das angelieferte Holz zugeschnitten. Verarbeitet werden \u00fcberwiegend Fichten und nur wenige Tannen. Der Gro\u00dfteil wird nach Bestelllisten an Zimmereibetriebe geliefert. Neben dem bekannten Einbau des Holzes in Dachst\u00fchlen spielt im Allg\u00e4u der Stallbau mit Holz eine wichtige Rolle. Aber auch Kleinverk\u00e4ufe an Privatkunden werden get\u00e4tigt und selbstverst\u00e4ndlich gehen Hackschnitzel und S\u00e4gemehl in die Energieverwertung.<\/p>\n\n\n\n<p>Am darauffolgenden Tag besuchten die Waldbesitzer*innen die sehr bekannte und beeindruckende Breitachklamm bei Oberstdorf. Weitere landschaftliche und auch kulturelle Sch\u00f6nheiten bot sich den Ausfl\u00fcglern bei einer Fahrt durch das Kleinwalsertal.<\/p>\n\n\n\n<p>Der Samstagvormittag stand ganz im Zeichen des Privatwaldes. Trotz Regen wurde bei einer Exkursion durch den Privatwald unter anderem das jagdlich sehr interessante Konzept vorgestellt. Die dortige Jagdgenossenschaft hat die Jagdaus\u00fcbung nicht wie weit verbreitet verpachtet, sondern betreibt die Jagd mittels Vergabe von Begehungsscheinen in Eigenregie. Die recht erfolgreiche Jagd l\u00e4sst sowohl die Naturverj\u00fcngungen aus Fichten und Tannen als auch einzelbaumweise gepflanzte Laubb\u00e4ume geradezu ohne Wildschutz schadensfrei wachsen.<\/p>\n\n\n\n<p>Bei einem Besuch einer kleinen Familienk\u00e4serei konnten Fragen zur K\u00e4seherstellung beantwortet und das eine oder andere Mitbringsel gekauft werden. Die anschlie\u00dfende Schifffahrt auf dem Forggensee bescherte bei herrlichem Sonnenschein wunderbare Aussichten auf das weltber\u00fchmte Schloss Neuschwanstein und gelegentlich auf das tiefergelegene Schloss Hohenschwangau.<\/p>\n\n\n\n<p>Vor der R\u00fcckfahrt in die Nordpfalz wurden bei einer F\u00fchrung durch die Residenz Kempten die Machtpositionen von F\u00fcrst\u00e4bten vor Augen gef\u00fchrt. Wie \u00fcberall regierten auch die F\u00fcrst\u00e4bte von Kempten sehr herrschaftlich und prunkvoll als geistliche Leiter innerhalb des Klosters, aber auch als weltliche Herrscher \u00fcber die dazugeh\u00f6renden L\u00e4ndereien. Diese Macht spiegelt sich anschaulich in den barocken R\u00e4umen der Residenz wider. Um die R\u00fcckfahrt nicht zu lange werden lassen, gab es noch einen Zwischenaufenthalt in der Universit\u00e4tsstadt T\u00fcbingen. Die ehrw\u00fcrdige Altstadt mit ihrer den Professoren vorbehaltenen Oberstadt und der in der Tat standesgem\u00e4\u00df und lokal gelegenen \u201eunteren\u201c Stadt konnte bei einer Stadtf\u00fchrung besichtigt werden. Das heutige Stadtbild lebt zwar noch von den fr\u00fcheren Geb\u00e4uden, aber der Umgang zwischen Professoren, Studenten, Handwerkern und \u201cNormalb\u00fcrgern\u201c d\u00fcrfte zivilisierter ablaufen. So wurde die gro\u00dfe Waldbauexkursion des WBV Otterberg e.V. am Sonntagabend mit interessanten und wissenswerten Eindr\u00fccken beendet.<\/p>\n\n\n\n<figure class=\"wp-block-image size-large\"><img loading=\"lazy\" decoding=\"async\" width=\"462\" height=\"1024\" src=\"https:\/\/waldbauverein-otterberg.de\/wp-content\/uploads\/2022\/09\/01_Allgaeu-2-462x1024.jpg\" alt=\"\" class=\"wp-image-357\" srcset=\"https:\/\/waldbauverein-otterberg.de\/wp-content\/uploads\/2022\/09\/01_Allgaeu-2-462x1024.jpg 462w, https:\/\/waldbauverein-otterberg.de\/wp-content\/uploads\/2022\/09\/01_Allgaeu-2-135x300.jpg 135w, https:\/\/waldbauverein-otterberg.de\/wp-content\/uploads\/2022\/09\/01_Allgaeu-2-68x150.jpg 68w, https:\/\/waldbauverein-otterberg.de\/wp-content\/uploads\/2022\/09\/01_Allgaeu-2-768x1704.jpg 768w, https:\/\/waldbauverein-otterberg.de\/wp-content\/uploads\/2022\/09\/01_Allgaeu-2-692x1536.jpg 692w, https:\/\/waldbauverein-otterberg.de\/wp-content\/uploads\/2022\/09\/01_Allgaeu-2.jpg 923w\" sizes=\"auto, (max-width: 462px) 100vw, 462px\" \/><figcaption class=\"wp-element-caption\">S\u00e4gewerkbesichtigung<\/figcaption><\/figure>\n\n\n\n<figure class=\"wp-block-image size-large\"><img loading=\"lazy\" decoding=\"async\" width=\"1024\" height=\"768\" src=\"https:\/\/waldbauverein-otterberg.de\/wp-content\/uploads\/2022\/09\/02_Allgaeu-5-1024x768.jpeg\" alt=\"\" class=\"wp-image-358\" srcset=\"https:\/\/waldbauverein-otterberg.de\/wp-content\/uploads\/2022\/09\/02_Allgaeu-5-1024x768.jpeg 1024w, https:\/\/waldbauverein-otterberg.de\/wp-content\/uploads\/2022\/09\/02_Allgaeu-5-300x225.jpeg 300w, https:\/\/waldbauverein-otterberg.de\/wp-content\/uploads\/2022\/09\/02_Allgaeu-5-150x113.jpeg 150w, https:\/\/waldbauverein-otterberg.de\/wp-content\/uploads\/2022\/09\/02_Allgaeu-5-768x576.jpeg 768w, https:\/\/waldbauverein-otterberg.de\/wp-content\/uploads\/2022\/09\/02_Allgaeu-5-1536x1152.jpeg 1536w, https:\/\/waldbauverein-otterberg.de\/wp-content\/uploads\/2022\/09\/02_Allgaeu-5-2048x1536.jpeg 2048w, https:\/\/waldbauverein-otterberg.de\/wp-content\/uploads\/2022\/09\/02_Allgaeu-5-1200x900.jpeg 1200w, https:\/\/waldbauverein-otterberg.de\/wp-content\/uploads\/2022\/09\/02_Allgaeu-5-1980x1485.jpeg 1980w\" sizes=\"auto, (max-width: 1024px) 100vw, 1024px\" \/><figcaption class=\"wp-element-caption\">Waldbauverein Otterberg auf Allg\u00e4u-Exkursion<\/figcaption><\/figure>\n","protected":false},"excerpt":{"rendered":"<p>Der Waldbauverein Otterberg e.V. konnte endlich seine schon seit drei Jahren geplante Exkursion in das Allg\u00e4u durchf\u00fchren. Vom 8. bis zum 11. September 2022 genossen die Teilnehmer*innen sowohl forstliche Themen als auch landschaftliche Reize. Noch am Anfahrtstag wurde das S\u00e4gewerk Seltmann bei Kempten besucht. Es handelt sich um einen Familienbetrieb mit einem j\u00e4hrlichen Einschnitt von [&hellip;]<\/p>\n","protected":false},"author":1,"featured_media":0,"parent":41,"menu_order":45,"comment_status":"closed","ping_status":"closed","template":"","meta":{"footnotes":""},"class_list":["post-356","page","type-page","status-publish","hentry"],"_links":{"self":[{"href":"https:\/\/waldbauverein-otterberg.de\/index.php?rest_route=\/wp\/v2\/pages\/356","targetHints":{"allow":["GET"]}}],"collection":[{"href":"https:\/\/waldbauverein-otterberg.de\/index.php?rest_route=\/wp\/v2\/pages"}],"about":[{"href":"https:\/\/waldbauverein-otterberg.de\/index.php?rest_route=\/wp\/v2\/types\/page"}],"author":[{"embeddable":true,"href":"https:\/\/waldbauverein-otterberg.de\/index.php?rest_route=\/wp\/v2\/users\/1"}],"replies":[{"embeddable":true,"href":"https:\/\/waldbauverein-otterberg.de\/index.php?rest_route=%2Fwp%2Fv2%2Fcomments&post=356"}],"version-history":[{"count":6,"href":"https:\/\/waldbauverein-otterberg.de\/index.php?rest_route=\/wp\/v2\/pages\/356\/revisions"}],"predecessor-version":[{"id":763,"href":"https:\/\/waldbauverein-otterberg.de\/index.php?rest_route=\/wp\/v2\/pages\/356\/revisions\/763"}],"up":[{"embeddable":true,"href":"https:\/\/waldbauverein-otterberg.de\/index.php?rest_route=\/wp\/v2\/pages\/41"}],"wp:attachment":[{"href":"https:\/\/waldbauverein-otterberg.de\/index.php?rest_route=%2Fwp%2Fv2%2Fmedia&parent=356"}],"curies":[{"name":"wp","href":"https:\/\/api.w.org\/{rel}","templated":true}]}}