{"id":485,"date":"2024-02-16T18:55:44","date_gmt":"2024-02-16T18:55:44","guid":{"rendered":"https:\/\/waldbauverein-otterberg.de\/?page_id=485"},"modified":"2025-10-23T21:38:34","modified_gmt":"2025-10-23T21:38:34","slug":"service","status":"publish","type":"page","link":"https:\/\/waldbauverein-otterberg.de\/?page_id=485","title":{"rendered":"Service"},"content":{"rendered":"\n<h2 class=\"wp-block-heading\">Polohemden beim Waldbauverein<\/h2>\n\n\n\n<p>Wir bieten den Kauf von Polohemden an. Sie melden Ihre Gr\u00f6\u00dfe (S,M,L,XL,XXL,XXXL) an. Das Polohemd kostet 20 Euro.  Gr\u00f6\u00dfe und Namenszug (wenn gew\u00fcnscht dann an unsere E-Mailadresse waldbauverein.otterberg@web.de senden.<br>So sieht das Polohemd getragen aus:<\/p>\n\n\n\n<figure class=\"wp-block-image size-full\"><img loading=\"lazy\" decoding=\"async\" width=\"473\" height=\"356\" src=\"https:\/\/waldbauverein-otterberg.de\/wp-content\/uploads\/2025\/10\/grafik.png\" alt=\"\" class=\"wp-image-746\" srcset=\"https:\/\/waldbauverein-otterberg.de\/wp-content\/uploads\/2025\/10\/grafik.png 473w, https:\/\/waldbauverein-otterberg.de\/wp-content\/uploads\/2025\/10\/grafik-300x226.png 300w, https:\/\/waldbauverein-otterberg.de\/wp-content\/uploads\/2025\/10\/grafik-150x113.png 150w\" sizes=\"auto, (max-width: 473px) 100vw, 473px\" \/><\/figure>\n\n\n\n<h2 class=\"wp-block-heading\">Motors\u00e4genkurse<\/h2>\n\n\n\n<p>In diesem Jahr sind keine Kurse im Motors\u00e4gen geplant.<\/p>\n\n\n\n<h2 class=\"wp-block-heading\">Baumschulen<\/h2>\n\n\n\n<p>Nachfolgend wegen h\u00e4ufiger Nachfrage ein paar Baumschulen:<br><a href=\"https:\/\/www.august-luedemann.de\/\" target=\"_blank\" rel=\"noreferrer noopener\">https:\/\/www.august-luedemann.de\/<\/a><br><a href=\"https:\/\/forstbaum.de\/\" target=\"_blank\" rel=\"noreferrer noopener\">https:\/\/forstbaum.de\/<\/a>&nbsp;&nbsp; (L\u00fcr\u00dfen)<br><a href=\"https:\/\/www.forstbaumschule.com\/\" target=\"_blank\" rel=\"noreferrer noopener\">https:\/\/www.forstbaumschule.com\/<\/a>&nbsp;(Darmst\u00e4dter Forstbaumschule)<br><a href=\"https:\/\/forstbaumschule-stingel.de\/\n\nhttps:\/\/www.rudolf-schrader.de\/\">https:\/\/forstbaumschule-stingel.de\/<br>https:\/\/www.rudolf-schrader.de\/<br><\/a><br><br><\/p>\n","protected":false},"excerpt":{"rendered":"<p>Polohemden beim Waldbauverein Wir bieten den Kauf von Polohemden an. Sie melden Ihre Gr\u00f6\u00dfe (S,M,L,XL,XXL,XXXL) an. Das Polohemd kostet 20 Euro. Gr\u00f6\u00dfe und Namenszug (wenn gew\u00fcnscht dann an unsere E-Mailadresse waldbauverein.otterberg@web.de senden.So sieht das Polohemd getragen aus: Motors\u00e4genkurse In diesem Jahr sind keine Kurse im Motors\u00e4gen geplant. Baumschulen Nachfolgend wegen h\u00e4ufiger Nachfrage ein paar Baumschulen:https:\/\/www.august-luedemann.de\/https:\/\/forstbaum.de\/&nbsp;&nbsp; [&hellip;]<\/p>\n","protected":false},"author":1,"featured_media":0,"parent":9,"menu_order":3,"comment_status":"closed","ping_status":"closed","template":"","meta":{"footnotes":""},"class_list":["post-485","page","type-page","status-publish","hentry"],"_links":{"self":[{"href":"https:\/\/waldbauverein-otterberg.de\/index.php?rest_route=\/wp\/v2\/pages\/485","targetHints":{"allow":["GET"]}}],"collection":[{"href":"https:\/\/waldbauverein-otterberg.de\/index.php?rest_route=\/wp\/v2\/pages"}],"about":[{"href":"https:\/\/waldbauverein-otterberg.de\/index.php?rest_route=\/wp\/v2\/types\/page"}],"author":[{"embeddable":true,"href":"https:\/\/waldbauverein-otterberg.de\/index.php?rest_route=\/wp\/v2\/users\/1"}],"replies":[{"embeddable":true,"href":"https:\/\/waldbauverein-otterberg.de\/index.php?rest_route=%2Fwp%2Fv2%2Fcomments&post=485"}],"version-history":[{"count":8,"href":"https:\/\/waldbauverein-otterberg.de\/index.php?rest_route=\/wp\/v2\/pages\/485\/revisions"}],"predecessor-version":[{"id":747,"href":"https:\/\/waldbauverein-otterberg.de\/index.php?rest_route=\/wp\/v2\/pages\/485\/revisions\/747"}],"up":[{"embeddable":true,"href":"https:\/\/waldbauverein-otterberg.de\/index.php?rest_route=\/wp\/v2\/pages\/9"}],"wp:attachment":[{"href":"https:\/\/waldbauverein-otterberg.de\/index.php?rest_route=%2Fwp%2Fv2%2Fmedia&parent=485"}],"curies":[{"name":"wp","href":"https:\/\/api.w.org\/{rel}","templated":true}]}}