{"id":513,"date":"2024-03-20T08:22:00","date_gmt":"2024-03-20T08:22:00","guid":{"rendered":"https:\/\/waldbauverein-otterberg.de\/?page_id=513"},"modified":"2025-10-23T20:56:49","modified_gmt":"2025-10-23T20:56:49","slug":"mitgliederversammlung-2024","status":"publish","type":"page","link":"https:\/\/waldbauverein-otterberg.de\/?page_id=513","title":{"rendered":"Mitgliederversammlung 2024"},"content":{"rendered":"\n<p>Protokoll der <strong>Mitgliederversammlung<\/strong> am Donnerstag, den 14.03.2024 um 18:30 h im Clubraum der Stadthalle Otterberg, Hauptstra\u00dfe 28 in Otterberg<br><strong>TOP 1: Begr\u00fc\u00dfung und Totenehrung durch den Vorsitzenden<\/strong><br>Martin M\u00fcller gegr\u00fc\u00dft die Anwesenden, die Stadtb\u00fcrgermeisterin und die beiden Referenten, Herrn Fernholz und Herrn Stubenazy.<br>Nach einem Gru\u00dfwort der Stadtb\u00fcrgermeisterin, Frau Martina Stein stellt er die ordnungsgem\u00e4\u00dfe Einladung und die Zahl der stimmberechtigten Mitglieder mit 52 fest.<br>Er geht auf die Ereignisse bei der Exkursion nach Adenau im Juni 2023 ein. Die beiden Lebensretter Heinrich Budek und Hermann Hanbuch erhalten eine Dankesurkunde des Waldbauvereins. Der mehrfach wiederbelebte Rudi Jaworski dankt auch den anderen nicht erw\u00e4hnten Helfern und schildert Details aus seiner Sicht.<br>Einstimmig mit 52 Zustimmungen wird eine \u00c4nderung der Tagesordnung beschlossen, bei der als Punkt 6c der Haushaltsentwurf eingef\u00fcgt wird.<br>Beim anschlie\u00dfenden Totengedenken werden neben dem langj\u00e4hrigen Vorsitzenden Herrn Dr. Sch\u00e4fer acht weiteren verstorbenen Mitgliedern gedacht.<br>Danach werden die 22 neu eingetretenen Mitglieder namentlich erw\u00e4hnt.<br><strong>TOP 2: Bericht des Gesch\u00e4ftsf\u00fchrers<\/strong><br>Herr Gatti weist auf die aktuelle Mitgliederzahl von 486 hin. Er berichtet \u00fcber zwei Vorstandssitzungen und die Versammlung in Boppard, au\u00dferdem \u00fcber drei Tagesexkursionen und eine mehrt\u00e4gige nach Potsdam. Nicht unerw\u00e4hnt sollen die Eins\u00e4tze der Rentnergruppe des Waldbauvereins f\u00fcr die Stadt Otterberg bleiben. Auch bei seiner Verabschiedung am 29.9.2023 konnte er auf die Hilfe des Waldbauvereins z\u00e4hlen.<br><strong>TOP 3: Bericht des 2. Vorsitzenden<\/strong><br>Herr Brand berichtet f\u00fcr das Jahr 2023 \u00fcber Ausgaben von 9.440 Euro gegen\u00fcber Einnahmen von 8131 Euro mit einem Kontostand von 12.859 Euro am 31.12.2023.<br>Er weist darauf hin, dass der Verein die Kosten f\u00fcr die Zeitschrift \u201eder Waldbesitzer\u201c von 1.640 Euro voll \u00fcbernimmt.<br><strong>TOP 4: Bericht der Kassenpr\u00fcfer<\/strong><br>Herr Stra\u00dfer stellt den Bericht der Kassenpr\u00fcfer vor, bei dem es keine Beanstandungen gab. <br><strong>TOP 5: Entlastung des Vorstandes<\/strong><br>Herr Strasser beantragt die Entlastung des Vorstands. Es ergeben sich 48 Ja-Stimmen, 4 Enthaltungen und eine Gegenstimme.<br><strong>TOP 6 a: Satzungs\u00e4nderung<\/strong><br>\u00a0\u00a7 9 Nr. 2 Satz 2 Form der Einladung zur Mitgliederversammlung<br>bisherige Fassung: \u201eDie Einladung erfolgt schriftlich und durch Bekanntgabe im offiziellen Mitteilungsblatt des Waldbesitzerverbandes f\u00fcr Rheinland-Pfalz \u201cDer Waldbesitzer\u201c.<br>Vorschlag \u00c4nderung: \u201eDie Einladung erfolgt durch Bekanntgabe im offiziellen Mitteilungsblatt des Waldbesitzerverbandes f\u00fcr Rheinland-Pfalz \u201cDer Waldbesitzer\u201c und \u00fcber die Homepage des Vereins sowie \u00fcber E-Mail, sofern eine E-Mail-Adresse beim Verein hinterlegt ist.\u201c<br>Diese Satzungs\u00e4nderung wird einstimmig mit 52 Ja-Stimmen bef\u00fcrwortet.<br><strong>TOP 6 b: Satzungs\u00e4nderung<\/strong><br>\u00a7 12 Nr. 2. A) Aufgabe des Vorsitzenden bzw. dessen Stellvertreter:<br>bisherige Fassung: \u201eGesch\u00e4ftsf\u00fchrung des Vereins sowie Leitung der Mitgliederversammlung\u201c<br>\u00a0Vorschlag \u00c4nderung: \u201eGesch\u00e4ftsf\u00fchrung des Vereins bzw. Begleitung der Gesch\u00e4ftsf\u00fchrung im Falle der Beauftragung der Gesch\u00e4ftsf\u00fchrung nach \u00a7 11 Nr. 6 sowie die Leitung der Mitgliederversammlung\u201c<br>Bei der Abstimmung gibt es 49 Ja-Stimmen, keine Gegenstimme und drei Enthaltungen.<br><strong>TOP 6c: Haushaltsentwurf<\/strong><br>Herr Haag wies auf Punkt 10 e) der Satzung hin. Dabei ist es Aufgabe der Mitgliederversammlung, den vom Vorstand vorgelegten Haushaltvoranschlag zu genehmigen.<br>Der Haushaltsentwurf (siehe Anhang 1) wird mit 52 Ja-Stimmen einstimmig verabschiedet.<br>Er enthielt noch nicht die Zusch\u00fcsse zu den Lehrg\u00e4ngen, da diese bisher nicht gezahlt wurden. Dies soll noch nachgebessert werden.<br><strong>TOP 7: Privatwaldbetreuung<\/strong><br>Herr Siebert weist auf die F\u00f6rderungen f\u00fcr Aufforstma\u00dfnahmen hin, Herr Bungert hat einige Mitglieder f\u00fcr den Verein gewonnen. Er erhofft sich von einer Namensgebung, die auch den Donnersbergkreis einschlie\u00dft, einen h\u00f6heren Zuspruch. Es ist schwer zu vermitteln, warum man in den Waldbauverein Otterberg eintreten soll, wo Otterberg so weit weg liegt.<br><strong>TOP 8: Aktuelle Informationen (Exkursionen, Waldb\u00f6rse, Motors\u00e4genkurse, Ger\u00e4teverleih)<\/strong><br>Herr Brand erw\u00e4hnt die Exkursionen im Juni und die Fahrt in den S\u00fcdschwarzwald, wobei man sich sofort bei ihm anmelden kann.<br>Herr Alter berichtet, dass er mehr Kaufanfragen als Verk\u00e4ufe von Wald erlebt. Er berichtet von einem Kauf, bei dem 7 Euro f\u00fcr den Quadratmeter gezahlt wurden.<br>Herr Winicker freut sich dar\u00fcber, dass beide Motors\u00e4genlehrg\u00e4nge mit jeweils 6 Teilnehmern ausgebucht sind.<br>Herr M\u00fcller berichtet, dass die Ger\u00e4te bei ihm zu Hause gelagert sind und es au\u00dfer dem Verleih eines Greifzugs zu keinen Nachfragen kam.<br><strong>TOP 9: Verschiedenes<\/strong><br>Es gibt keine weiteren Wortmeldungen. Herr M\u00fcller schlie\u00dft die Versammlung um 19:50 Uhr.<\/p>\n\n\n\n<figure class=\"wp-block-gallery has-nested-images columns-default is-cropped wp-block-gallery-1 is-layout-flex wp-block-gallery-is-layout-flex\">\n<figure class=\"wp-block-image size-large\"><img loading=\"lazy\" decoding=\"async\" width=\"720\" height=\"822\" data-id=\"515\" src=\"https:\/\/waldbauverein-otterberg.de\/wp-content\/uploads\/2024\/03\/Brand.jpg\" alt=\"\" class=\"wp-image-515\" srcset=\"https:\/\/waldbauverein-otterberg.de\/wp-content\/uploads\/2024\/03\/Brand.jpg 720w, https:\/\/waldbauverein-otterberg.de\/wp-content\/uploads\/2024\/03\/Brand-263x300.jpg 263w, https:\/\/waldbauverein-otterberg.de\/wp-content\/uploads\/2024\/03\/Brand-131x150.jpg 131w\" sizes=\"auto, (max-width: 720px) 100vw, 720px\" \/><\/figure>\n\n\n\n<figure class=\"wp-block-image size-large\"><img loading=\"lazy\" decoding=\"async\" width=\"1024\" height=\"750\" data-id=\"516\" src=\"https:\/\/waldbauverein-otterberg.de\/wp-content\/uploads\/2024\/03\/Jaworski-1024x750.jpg\" alt=\"\" class=\"wp-image-516\" srcset=\"https:\/\/waldbauverein-otterberg.de\/wp-content\/uploads\/2024\/03\/Jaworski-1024x750.jpg 1024w, https:\/\/waldbauverein-otterberg.de\/wp-content\/uploads\/2024\/03\/Jaworski-300x220.jpg 300w, https:\/\/waldbauverein-otterberg.de\/wp-content\/uploads\/2024\/03\/Jaworski-150x110.jpg 150w, https:\/\/waldbauverein-otterberg.de\/wp-content\/uploads\/2024\/03\/Jaworski-768x562.jpg 768w, https:\/\/waldbauverein-otterberg.de\/wp-content\/uploads\/2024\/03\/Jaworski-1536x1125.jpg 1536w, https:\/\/waldbauverein-otterberg.de\/wp-content\/uploads\/2024\/03\/Jaworski-2048x1500.jpg 2048w, https:\/\/waldbauverein-otterberg.de\/wp-content\/uploads\/2024\/03\/Jaworski-1200x879.jpg 1200w, https:\/\/waldbauverein-otterberg.de\/wp-content\/uploads\/2024\/03\/Jaworski-1980x1450.jpg 1980w\" sizes=\"auto, (max-width: 1024px) 100vw, 1024px\" \/><\/figure>\n\n\n\n<figure class=\"wp-block-image size-large\"><img loading=\"lazy\" decoding=\"async\" width=\"1024\" height=\"723\" data-id=\"517\" src=\"https:\/\/waldbauverein-otterberg.de\/wp-content\/uploads\/2024\/03\/Jaworski02-1024x723.jpg\" alt=\"\" class=\"wp-image-517\" srcset=\"https:\/\/waldbauverein-otterberg.de\/wp-content\/uploads\/2024\/03\/Jaworski02-1024x723.jpg 1024w, https:\/\/waldbauverein-otterberg.de\/wp-content\/uploads\/2024\/03\/Jaworski02-300x212.jpg 300w, https:\/\/waldbauverein-otterberg.de\/wp-content\/uploads\/2024\/03\/Jaworski02-150x106.jpg 150w, https:\/\/waldbauverein-otterberg.de\/wp-content\/uploads\/2024\/03\/Jaworski02-768x542.jpg 768w, https:\/\/waldbauverein-otterberg.de\/wp-content\/uploads\/2024\/03\/Jaworski02-1200x847.jpg 1200w, https:\/\/waldbauverein-otterberg.de\/wp-content\/uploads\/2024\/03\/Jaworski02.jpg 1464w\" sizes=\"auto, (max-width: 1024px) 100vw, 1024px\" \/><\/figure>\n\n\n\n<figure class=\"wp-block-image size-large\"><img loading=\"lazy\" decoding=\"async\" width=\"1024\" height=\"583\" data-id=\"518\" src=\"https:\/\/waldbauverein-otterberg.de\/wp-content\/uploads\/2024\/03\/Referenten-1024x583.jpg\" alt=\"\" class=\"wp-image-518\" srcset=\"https:\/\/waldbauverein-otterberg.de\/wp-content\/uploads\/2024\/03\/Referenten-1024x583.jpg 1024w, https:\/\/waldbauverein-otterberg.de\/wp-content\/uploads\/2024\/03\/Referenten-300x171.jpg 300w, https:\/\/waldbauverein-otterberg.de\/wp-content\/uploads\/2024\/03\/Referenten-150x85.jpg 150w, https:\/\/waldbauverein-otterberg.de\/wp-content\/uploads\/2024\/03\/Referenten-768x437.jpg 768w, https:\/\/waldbauverein-otterberg.de\/wp-content\/uploads\/2024\/03\/Referenten-1536x874.jpg 1536w, https:\/\/waldbauverein-otterberg.de\/wp-content\/uploads\/2024\/03\/Referenten-1200x683.jpg 1200w, https:\/\/waldbauverein-otterberg.de\/wp-content\/uploads\/2024\/03\/Referenten.jpg 1569w\" sizes=\"auto, (max-width: 1024px) 100vw, 1024px\" \/><\/figure>\n\n\n\n<figure class=\"wp-block-image size-large\"><img loading=\"lazy\" decoding=\"async\" width=\"1024\" height=\"580\" data-id=\"519\" src=\"https:\/\/waldbauverein-otterberg.de\/wp-content\/uploads\/2024\/03\/Vorstand-1024x580.jpg\" alt=\"\" class=\"wp-image-519\" srcset=\"https:\/\/waldbauverein-otterberg.de\/wp-content\/uploads\/2024\/03\/Vorstand-1024x580.jpg 1024w, https:\/\/waldbauverein-otterberg.de\/wp-content\/uploads\/2024\/03\/Vorstand-300x170.jpg 300w, https:\/\/waldbauverein-otterberg.de\/wp-content\/uploads\/2024\/03\/Vorstand-150x85.jpg 150w, https:\/\/waldbauverein-otterberg.de\/wp-content\/uploads\/2024\/03\/Vorstand-768x435.jpg 768w, https:\/\/waldbauverein-otterberg.de\/wp-content\/uploads\/2024\/03\/Vorstand-1536x870.jpg 1536w, https:\/\/waldbauverein-otterberg.de\/wp-content\/uploads\/2024\/03\/Vorstand-2048x1161.jpg 2048w, https:\/\/waldbauverein-otterberg.de\/wp-content\/uploads\/2024\/03\/Vorstand-1200x680.jpg 1200w, https:\/\/waldbauverein-otterberg.de\/wp-content\/uploads\/2024\/03\/Vorstand-1980x1122.jpg 1980w\" sizes=\"auto, (max-width: 1024px) 100vw, 1024px\" \/><\/figure>\n<\/figure>\n\n\n\n<p>Brand-Geehrte-Referenten-Vorstand<\/p>\n\n\n\n<p>Im Anschluss an die Mitgliederversammlung folgte ein Referat von <strong>Tobias Stubenazy<\/strong>, Forstamtsleiter Forstamt Otterberg, vormals Referent f\u00fcr Waldschutz an der Zentralstelle der Forstverwaltung zum Thema Waldbrand. Anschlie\u00dfend referierte <strong>Dirk Fernholz<\/strong>, designierter Nachfolger von Herrn Dr. Schuh als Gesch\u00e4ftsf\u00fchrer des Waldbesitzerverbandes Rheinland-Pfalz e.V. \u00fcber aktuelle Themen aus der Forstpolitik.<\/p>\n","protected":false},"excerpt":{"rendered":"<p>Protokoll der Mitgliederversammlung am Donnerstag, den 14.03.2024 um 18:30 h im Clubraum der Stadthalle Otterberg, Hauptstra\u00dfe 28 in OtterbergTOP 1: Begr\u00fc\u00dfung und Totenehrung durch den VorsitzendenMartin M\u00fcller gegr\u00fc\u00dft die Anwesenden, die Stadtb\u00fcrgermeisterin und die beiden Referenten, Herrn Fernholz und Herrn Stubenazy.Nach einem Gru\u00dfwort der Stadtb\u00fcrgermeisterin, Frau Martina Stein stellt er die ordnungsgem\u00e4\u00dfe Einladung und die [&hellip;]<\/p>\n","protected":false},"author":1,"featured_media":0,"parent":41,"menu_order":37,"comment_status":"closed","ping_status":"closed","template":"","meta":{"footnotes":""},"class_list":["post-513","page","type-page","status-publish","hentry"],"_links":{"self":[{"href":"https:\/\/waldbauverein-otterberg.de\/index.php?rest_route=\/wp\/v2\/pages\/513","targetHints":{"allow":["GET"]}}],"collection":[{"href":"https:\/\/waldbauverein-otterberg.de\/index.php?rest_route=\/wp\/v2\/pages"}],"about":[{"href":"https:\/\/waldbauverein-otterberg.de\/index.php?rest_route=\/wp\/v2\/types\/page"}],"author":[{"embeddable":true,"href":"https:\/\/waldbauverein-otterberg.de\/index.php?rest_route=\/wp\/v2\/users\/1"}],"replies":[{"embeddable":true,"href":"https:\/\/waldbauverein-otterberg.de\/index.php?rest_route=%2Fwp%2Fv2%2Fcomments&post=513"}],"version-history":[{"count":4,"href":"https:\/\/waldbauverein-otterberg.de\/index.php?rest_route=\/wp\/v2\/pages\/513\/revisions"}],"predecessor-version":[{"id":532,"href":"https:\/\/waldbauverein-otterberg.de\/index.php?rest_route=\/wp\/v2\/pages\/513\/revisions\/532"}],"up":[{"embeddable":true,"href":"https:\/\/waldbauverein-otterberg.de\/index.php?rest_route=\/wp\/v2\/pages\/41"}],"wp:attachment":[{"href":"https:\/\/waldbauverein-otterberg.de\/index.php?rest_route=%2Fwp%2Fv2%2Fmedia&parent=513"}],"curies":[{"name":"wp","href":"https:\/\/api.w.org\/{rel}","templated":true}]}}