{"id":549,"date":"2024-05-07T14:25:20","date_gmt":"2024-05-07T14:25:20","guid":{"rendered":"https:\/\/waldbauverein-otterberg.de\/?page_id=549"},"modified":"2025-10-23T20:57:30","modified_gmt":"2025-10-23T20:57:30","slug":"kurs-mit-motorsaege","status":"publish","type":"page","link":"https:\/\/waldbauverein-otterberg.de\/?page_id=549","title":{"rendered":"Motors\u00e4genkurs 2024"},"content":{"rendered":"\n<p>In April und Mai dieses Jahres konnten wieder zwei Motors\u00e4genkurse stattfinden, die beide ausgebucht waren. Aber es zeichnet sich ab, dass nach immerhin 330 Teilnehmern in den vergangenen Jahren die Nachfrage nach Kursen bei unseren Waldbesitzern nachl\u00e4sst.<\/p>\n\n\n\n<p>Vielleicht m\u00fcssen wir auch \u00fcber andere Formate nachdenken, wie zu Beispiel Auffrischungskurse f\u00fcr ge\u00fcbte Anwender oder Kurse zu speziellen Themen wie: Gefahrenanalyse, Greifzugeinsatz, neue Schnitttechniken f\u00fcr alte Hasen, \u2026<\/p>\n\n\n\n<p>Scheuen sie sich nicht, Ihre W\u00fcnsche zu \u00e4u\u00dfern. Der Waldbauverein Otterberg wird versuchen, Ihnen auch weiterhin ein attraktives Schulungsprogramm anzubieten. Die Arbeitssicherheit unserer aktiven Waldbauer liegt uns am Herzen.<\/p>\n\n\n\n<p>An dieser Stelle m\u00f6chte ich mich auch bei unserem bew\u00e4hrten Ausbilder Guido Sprenger bedanken, der uns schon seit vielen Jahren betreut. Des Weiteren bedanken wir uns bei der Feuerwehr Otterberg, die uns Ihren Schulungsraum zur Verf\u00fcgung stellt und der Gemeinde Mehlbach, in deren Wald wir \u00fcben d\u00fcrfen. W\u00fcnsche und Anregungen gerne direkt per E-Mail an: elmar.winicker@wald-rlp.de<\/p>\n\n\n\n<figure class=\"wp-block-gallery has-nested-images columns-default is-cropped wp-block-gallery-1 is-layout-flex wp-block-gallery-is-layout-flex\">\n<figure class=\"wp-block-image size-large\"><img loading=\"lazy\" decoding=\"async\" width=\"1024\" height=\"772\" data-id=\"553\" src=\"https:\/\/waldbauverein-otterberg.de\/wp-content\/uploads\/2024\/05\/01-1024x772.png\" alt=\"\" class=\"wp-image-553\" srcset=\"https:\/\/waldbauverein-otterberg.de\/wp-content\/uploads\/2024\/05\/01-1024x772.png 1024w, https:\/\/waldbauverein-otterberg.de\/wp-content\/uploads\/2024\/05\/01-300x226.png 300w, https:\/\/waldbauverein-otterberg.de\/wp-content\/uploads\/2024\/05\/01-150x113.png 150w, https:\/\/waldbauverein-otterberg.de\/wp-content\/uploads\/2024\/05\/01-768x579.png 768w, https:\/\/waldbauverein-otterberg.de\/wp-content\/uploads\/2024\/05\/01-1536x1157.png 1536w, https:\/\/waldbauverein-otterberg.de\/wp-content\/uploads\/2024\/05\/01-2048x1543.png 2048w, https:\/\/waldbauverein-otterberg.de\/wp-content\/uploads\/2024\/05\/01-1200x904.png 1200w, https:\/\/waldbauverein-otterberg.de\/wp-content\/uploads\/2024\/05\/01-1980x1492.png 1980w\" sizes=\"auto, (max-width: 1024px) 100vw, 1024px\" \/><\/figure>\n\n\n\n<figure class=\"wp-block-image size-large\"><img loading=\"lazy\" decoding=\"async\" width=\"1024\" height=\"617\" data-id=\"555\" src=\"https:\/\/waldbauverein-otterberg.de\/wp-content\/uploads\/2024\/05\/02-1-1024x617.png\" alt=\"\" class=\"wp-image-555\" srcset=\"https:\/\/waldbauverein-otterberg.de\/wp-content\/uploads\/2024\/05\/02-1-1024x617.png 1024w, https:\/\/waldbauverein-otterberg.de\/wp-content\/uploads\/2024\/05\/02-1-300x181.png 300w, https:\/\/waldbauverein-otterberg.de\/wp-content\/uploads\/2024\/05\/02-1-150x90.png 150w, https:\/\/waldbauverein-otterberg.de\/wp-content\/uploads\/2024\/05\/02-1-768x463.png 768w, https:\/\/waldbauverein-otterberg.de\/wp-content\/uploads\/2024\/05\/02-1-1536x926.png 1536w, https:\/\/waldbauverein-otterberg.de\/wp-content\/uploads\/2024\/05\/02-1-2048x1235.png 2048w, https:\/\/waldbauverein-otterberg.de\/wp-content\/uploads\/2024\/05\/02-1-1200x723.png 1200w, https:\/\/waldbauverein-otterberg.de\/wp-content\/uploads\/2024\/05\/02-1-1980x1194.png 1980w\" sizes=\"auto, (max-width: 1024px) 100vw, 1024px\" \/><\/figure>\n\n\n\n<figure class=\"wp-block-image size-large\"><img loading=\"lazy\" decoding=\"async\" width=\"1024\" height=\"832\" data-id=\"551\" src=\"https:\/\/waldbauverein-otterberg.de\/wp-content\/uploads\/2024\/05\/03-1024x832.png\" alt=\"\" class=\"wp-image-551\" srcset=\"https:\/\/waldbauverein-otterberg.de\/wp-content\/uploads\/2024\/05\/03-1024x832.png 1024w, https:\/\/waldbauverein-otterberg.de\/wp-content\/uploads\/2024\/05\/03-300x244.png 300w, https:\/\/waldbauverein-otterberg.de\/wp-content\/uploads\/2024\/05\/03-150x122.png 150w, https:\/\/waldbauverein-otterberg.de\/wp-content\/uploads\/2024\/05\/03-768x624.png 768w, https:\/\/waldbauverein-otterberg.de\/wp-content\/uploads\/2024\/05\/03-1200x975.png 1200w, https:\/\/waldbauverein-otterberg.de\/wp-content\/uploads\/2024\/05\/03.png 1235w\" sizes=\"auto, (max-width: 1024px) 100vw, 1024px\" \/><\/figure>\n\n\n\n<figure class=\"wp-block-image size-large\"><img loading=\"lazy\" decoding=\"async\" width=\"905\" height=\"1024\" data-id=\"554\" src=\"https:\/\/waldbauverein-otterberg.de\/wp-content\/uploads\/2024\/05\/04-905x1024.png\" alt=\"\" class=\"wp-image-554\" srcset=\"https:\/\/waldbauverein-otterberg.de\/wp-content\/uploads\/2024\/05\/04-905x1024.png 905w, https:\/\/waldbauverein-otterberg.de\/wp-content\/uploads\/2024\/05\/04-265x300.png 265w, https:\/\/waldbauverein-otterberg.de\/wp-content\/uploads\/2024\/05\/04-133x150.png 133w, https:\/\/waldbauverein-otterberg.de\/wp-content\/uploads\/2024\/05\/04-768x869.png 768w, https:\/\/waldbauverein-otterberg.de\/wp-content\/uploads\/2024\/05\/04-1357x1536.png 1357w, https:\/\/waldbauverein-otterberg.de\/wp-content\/uploads\/2024\/05\/04-1810x2048.png 1810w, https:\/\/waldbauverein-otterberg.de\/wp-content\/uploads\/2024\/05\/04-1200x1358.png 1200w, https:\/\/waldbauverein-otterberg.de\/wp-content\/uploads\/2024\/05\/04.png 1936w\" sizes=\"auto, (max-width: 905px) 100vw, 905px\" \/><\/figure>\n\n\n\n<figure class=\"wp-block-image size-large\"><img loading=\"lazy\" decoding=\"async\" width=\"1024\" height=\"643\" data-id=\"550\" src=\"https:\/\/waldbauverein-otterberg.de\/wp-content\/uploads\/2024\/05\/07-1024x643.png\" alt=\"\" class=\"wp-image-550\" srcset=\"https:\/\/waldbauverein-otterberg.de\/wp-content\/uploads\/2024\/05\/07-1024x643.png 1024w, https:\/\/waldbauverein-otterberg.de\/wp-content\/uploads\/2024\/05\/07-300x188.png 300w, https:\/\/waldbauverein-otterberg.de\/wp-content\/uploads\/2024\/05\/07-150x94.png 150w, https:\/\/waldbauverein-otterberg.de\/wp-content\/uploads\/2024\/05\/07-768x482.png 768w, https:\/\/waldbauverein-otterberg.de\/wp-content\/uploads\/2024\/05\/07-1200x754.png 1200w, https:\/\/waldbauverein-otterberg.de\/wp-content\/uploads\/2024\/05\/07.png 1334w\" sizes=\"auto, (max-width: 1024px) 100vw, 1024px\" \/><\/figure>\n\n\n\n<figure class=\"wp-block-image size-large\"><img loading=\"lazy\" decoding=\"async\" width=\"1024\" height=\"656\" data-id=\"556\" src=\"https:\/\/waldbauverein-otterberg.de\/wp-content\/uploads\/2024\/05\/08-1024x656.png\" alt=\"\" class=\"wp-image-556\" srcset=\"https:\/\/waldbauverein-otterberg.de\/wp-content\/uploads\/2024\/05\/08-1024x656.png 1024w, https:\/\/waldbauverein-otterberg.de\/wp-content\/uploads\/2024\/05\/08-300x192.png 300w, https:\/\/waldbauverein-otterberg.de\/wp-content\/uploads\/2024\/05\/08-150x96.png 150w, https:\/\/waldbauverein-otterberg.de\/wp-content\/uploads\/2024\/05\/08-768x492.png 768w, https:\/\/waldbauverein-otterberg.de\/wp-content\/uploads\/2024\/05\/08-1536x984.png 1536w, https:\/\/waldbauverein-otterberg.de\/wp-content\/uploads\/2024\/05\/08-2048x1312.png 2048w, https:\/\/waldbauverein-otterberg.de\/wp-content\/uploads\/2024\/05\/08-1200x769.png 1200w, https:\/\/waldbauverein-otterberg.de\/wp-content\/uploads\/2024\/05\/08-1980x1269.png 1980w\" sizes=\"auto, (max-width: 1024px) 100vw, 1024px\" \/><\/figure>\n\n\n\n<figure class=\"wp-block-image size-large\"><img loading=\"lazy\" decoding=\"async\" width=\"767\" height=\"1024\" data-id=\"552\" src=\"https:\/\/waldbauverein-otterberg.de\/wp-content\/uploads\/2024\/05\/09-767x1024.png\" alt=\"\" class=\"wp-image-552\" srcset=\"https:\/\/waldbauverein-otterberg.de\/wp-content\/uploads\/2024\/05\/09-767x1024.png 767w, https:\/\/waldbauverein-otterberg.de\/wp-content\/uploads\/2024\/05\/09-225x300.png 225w, https:\/\/waldbauverein-otterberg.de\/wp-content\/uploads\/2024\/05\/09-112x150.png 112w, https:\/\/waldbauverein-otterberg.de\/wp-content\/uploads\/2024\/05\/09-768x1026.png 768w, https:\/\/waldbauverein-otterberg.de\/wp-content\/uploads\/2024\/05\/09-1150x1536.png 1150w, https:\/\/waldbauverein-otterberg.de\/wp-content\/uploads\/2024\/05\/09-1200x1603.png 1200w, https:\/\/waldbauverein-otterberg.de\/wp-content\/uploads\/2024\/05\/09.png 1278w\" sizes=\"auto, (max-width: 767px) 100vw, 767px\" \/><\/figure>\n<\/figure>\n\n\n\n<figure class=\"wp-block-image size-full\"><img loading=\"lazy\" decoding=\"async\" width=\"849\" height=\"368\" src=\"https:\/\/waldbauverein-otterberg.de\/wp-content\/uploads\/2024\/05\/Faellung.png\" alt=\"\" class=\"wp-image-557\" srcset=\"https:\/\/waldbauverein-otterberg.de\/wp-content\/uploads\/2024\/05\/Faellung.png 849w, https:\/\/waldbauverein-otterberg.de\/wp-content\/uploads\/2024\/05\/Faellung-300x130.png 300w, https:\/\/waldbauverein-otterberg.de\/wp-content\/uploads\/2024\/05\/Faellung-150x65.png 150w, https:\/\/waldbauverein-otterberg.de\/wp-content\/uploads\/2024\/05\/Faellung-768x333.png 768w\" sizes=\"auto, (max-width: 849px) 100vw, 849px\" \/><figcaption class=\"wp-element-caption\">vor und nach der F\u00e4llung<\/figcaption><\/figure>\n","protected":false},"excerpt":{"rendered":"<p>In April und Mai dieses Jahres konnten wieder zwei Motors\u00e4genkurse stattfinden, die beide ausgebucht waren. Aber es zeichnet sich ab, dass nach immerhin 330 Teilnehmern in den vergangenen Jahren die Nachfrage nach Kursen bei unseren Waldbesitzern nachl\u00e4sst. Vielleicht m\u00fcssen wir auch \u00fcber andere Formate nachdenken, wie zu Beispiel Auffrischungskurse f\u00fcr ge\u00fcbte Anwender oder Kurse zu [&hellip;]<\/p>\n","protected":false},"author":1,"featured_media":0,"parent":41,"menu_order":35,"comment_status":"closed","ping_status":"closed","template":"","meta":{"footnotes":""},"class_list":["post-549","page","type-page","status-publish","hentry"],"_links":{"self":[{"href":"https:\/\/waldbauverein-otterberg.de\/index.php?rest_route=\/wp\/v2\/pages\/549","targetHints":{"allow":["GET"]}}],"collection":[{"href":"https:\/\/waldbauverein-otterberg.de\/index.php?rest_route=\/wp\/v2\/pages"}],"about":[{"href":"https:\/\/waldbauverein-otterberg.de\/index.php?rest_route=\/wp\/v2\/types\/page"}],"author":[{"embeddable":true,"href":"https:\/\/waldbauverein-otterberg.de\/index.php?rest_route=\/wp\/v2\/users\/1"}],"replies":[{"embeddable":true,"href":"https:\/\/waldbauverein-otterberg.de\/index.php?rest_route=%2Fwp%2Fv2%2Fcomments&post=549"}],"version-history":[{"count":2,"href":"https:\/\/waldbauverein-otterberg.de\/index.php?rest_route=\/wp\/v2\/pages\/549\/revisions"}],"predecessor-version":[{"id":691,"href":"https:\/\/waldbauverein-otterberg.de\/index.php?rest_route=\/wp\/v2\/pages\/549\/revisions\/691"}],"up":[{"embeddable":true,"href":"https:\/\/waldbauverein-otterberg.de\/index.php?rest_route=\/wp\/v2\/pages\/41"}],"wp:attachment":[{"href":"https:\/\/waldbauverein-otterberg.de\/index.php?rest_route=%2Fwp%2Fv2%2Fmedia&parent=549"}],"curies":[{"name":"wp","href":"https:\/\/api.w.org\/{rel}","templated":true}]}}