{"id":596,"date":"2024-10-08T15:48:32","date_gmt":"2024-10-08T15:48:32","guid":{"rendered":"https:\/\/waldbauverein-otterberg.de\/?page_id=596"},"modified":"2025-10-23T21:00:03","modified_gmt":"2025-10-23T21:00:03","slug":"schwarzwald-2024","status":"publish","type":"page","link":"https:\/\/waldbauverein-otterberg.de\/?page_id=596","title":{"rendered":"Schwarzwald 2024"},"content":{"rendered":"\n<p>Der Waldbauverein Otterberg e.V. bereiste vom 12. bis 15. September 2024 den <strong>S\u00fcdschwarzwald<\/strong> und Stra\u00dfburg. Nach der Anfahrt von der Pfalz auf der Rheintalautobahn im mit knapp f\u00fcnfzig Teilnehmer*innen vollbesetzten Bus begann die gro\u00dfe Waldbauexkursion mit einer Stadtf\u00fchrung durch Staufen, bei der sich die Teilnehmer*innen ein Bild von der \u201eFauststadt\u201c machen konnten. Neben Goethe spielt die Geothermie in Staufen eine wichtige Rolle, allerdings ein unr\u00fchmliche. Aufgrund von Bohrungen, die auch unerwartete Hohlr\u00e4ume in tieferen Erdschichten anzapften, kommt es zu Senkungen, die wiederum f\u00fcr gro\u00dfe Geb\u00e4udesch\u00e4den in der Altstadt verantwortlich sind. Mit erheblichen wiederkehrenden Aufwendungen versucht die Stadt und die Privateigent\u00fcmer den Sch\u00e4den Herr zu wenden. Eine Verbindung zum Teufel im Faust wurde jedoch kategorisch abgelehnt.<\/p>\n\n\n\n<p>Zum Nachmittagsprogramm wurde die Gruppe in Oberried von Frau Dr. Manuela Bacher-Winterhalter und den Herren Franz Schweizer und&nbsp; Thomas Dilger empfangen. Frau Bacher-Winterhalter arbeitet in der Abteilung Landnutzung des Biosph\u00e4rengebietes S\u00fcdschwarzwald am Regierungspr\u00e4sidium Freiburg. Herr Dilger und Herr Schweizer sind Mitglieder in der Vorstandschaft der Waldgenossenschaft Oberried. Mit dem Bus ging es dann hinauf auf \u00fcber 1.000 H\u00f6henmeter zum Stollenbach durch das Zastler Tal. Dort wurde das Biosph\u00e4rengebiet u. a. auch die Unterteilung in Kern- , Pflege- und Entwicklungszone fachkundig vorgestellt. Landwirtschaft, Forstwirtschaft, Naturschutz (diverse und teilweise sich \u00fcberlappende Schutzkategorien) und Tourismus (Skigebiet) teilen sich die Landnutzung und ergeben reizvolle Landschaftsbilder. Neben diesen unterschiedlichen Interessen kommen Steillagen und insbesondere \u00e4u\u00dferst komplizierte Eigentumsverh\u00e4ltnisse hinzu. Abschlie\u00dfend warteten im Hofgut Sternen im benachbarten H\u00f6llental bereits die \u00dcbernachtungszimmer und das Essen auf die hungrigen Exkursionsteilnehmer*innen.<\/p>\n\n\n\n<p>Ein Winzling dominierte den zweiten Tag. Es ging um die Borkenk\u00e4fer Kupferstecher und Buchdrucker. Im Forstrevier Seewangen im Forstbezirk S\u00fcdschwarzwald begr\u00fc\u00dfte Thomas Emmerich, Leiter des Forstbezirkes und Benedikt Trefzer, der zust\u00e4ndige Revierleiter, die Waldbesitzer aus der Pfalz auf etwa 900 H\u00f6henmeter. Waldbilder mit K\u00e4ferkalamit\u00e4ten in den Fichtenbest\u00e4nden und deren Nachfolgebestockung beeindruckten die Betrachter*innen. Die F\u00f6rster agieren auch hier nach dem Prinzip der Vielfalt. M\u00f6glichst ein breitgef\u00e4chertes Baumartenspektrum durch Natur- und erg\u00e4nzt durch k\u00fcnstlichen Verj\u00fcngung. Die Auswahl erfolgt auch immer in Abh\u00e4ngigkeit vom anstehenden Gestein: Gneise und Granite oder Sandsteine. Eine F\u00fchrung durch die Badische Staatsbrauerei&nbsp; Rothaus und ein badisches Essen (Wurstsalat mit Br\u00e4gli) in der Brauereigastst\u00e4tte mit einer Bierverk\u00f6stigung rundeten den ereignisreichen Tag ab. Einziger Wermutstropfen war die aufgrund der Wetterlage verwehrte Sicht auf die Alpen.<\/p>\n\n\n\n<p>Mit einem fachkundigen Reiseleiter begann der dritte Tag mit einer Fahrt durch den S\u00fcdschwarzwald nach St. Blasien, nach B\u00e4rental zum Mittagessen und zum Rheinfall nach Schaffhausen bzw. nach Neuhausen in der Schweiz.<\/p>\n\n\n\n<p>Die Heimreise am vierten Tag wurde mit einem Aufenthalt in Stra\u00dfburg und mit einer Schifffahrt auf der Ile unterbrochen. So wurde eine erlebnisreiche Exkursion erfolgreich abgeschlossen immerhin mit der Aussicht auch im n\u00e4chsten Jahr wieder auf gro\u00dfe Reise zu gehen.<\/p>\n\n\n\n<figure class=\"wp-block-image size-large\"><img loading=\"lazy\" decoding=\"async\" width=\"1024\" height=\"461\" src=\"https:\/\/waldbauverein-otterberg.de\/wp-content\/uploads\/2024\/10\/WBV-Otterberg-im-Suedschwarzwald-1024x461.jpg\" alt=\"\" class=\"wp-image-597\" srcset=\"https:\/\/waldbauverein-otterberg.de\/wp-content\/uploads\/2024\/10\/WBV-Otterberg-im-Suedschwarzwald-1024x461.jpg 1024w, https:\/\/waldbauverein-otterberg.de\/wp-content\/uploads\/2024\/10\/WBV-Otterberg-im-Suedschwarzwald-300x135.jpg 300w, https:\/\/waldbauverein-otterberg.de\/wp-content\/uploads\/2024\/10\/WBV-Otterberg-im-Suedschwarzwald-150x68.jpg 150w, https:\/\/waldbauverein-otterberg.de\/wp-content\/uploads\/2024\/10\/WBV-Otterberg-im-Suedschwarzwald-768x346.jpg 768w, https:\/\/waldbauverein-otterberg.de\/wp-content\/uploads\/2024\/10\/WBV-Otterberg-im-Suedschwarzwald-1536x692.jpg 1536w, https:\/\/waldbauverein-otterberg.de\/wp-content\/uploads\/2024\/10\/WBV-Otterberg-im-Suedschwarzwald-2048x922.jpg 2048w, https:\/\/waldbauverein-otterberg.de\/wp-content\/uploads\/2024\/10\/WBV-Otterberg-im-Suedschwarzwald-1200x540.jpg 1200w, https:\/\/waldbauverein-otterberg.de\/wp-content\/uploads\/2024\/10\/WBV-Otterberg-im-Suedschwarzwald-1980x892.jpg 1980w\" sizes=\"auto, (max-width: 1024px) 100vw, 1024px\" \/><\/figure>\n\n\n\n<p>WBV Otterberg im Biosph\u00e4rengebiet S\u00fcdschwarzwald vor der Brauereigastst\u00e4tte Rothaus<\/p>\n","protected":false},"excerpt":{"rendered":"<p>Der Waldbauverein Otterberg e.V. bereiste vom 12. bis 15. September 2024 den S\u00fcdschwarzwald und Stra\u00dfburg. Nach der Anfahrt von der Pfalz auf der Rheintalautobahn im mit knapp f\u00fcnfzig Teilnehmer*innen vollbesetzten Bus begann die gro\u00dfe Waldbauexkursion mit einer Stadtf\u00fchrung durch Staufen, bei der sich die Teilnehmer*innen ein Bild von der \u201eFauststadt\u201c machen konnten. Neben Goethe spielt [&hellip;]<\/p>\n","protected":false},"author":1,"featured_media":0,"parent":41,"menu_order":33,"comment_status":"closed","ping_status":"closed","template":"","meta":{"footnotes":""},"class_list":["post-596","page","type-page","status-publish","hentry"],"_links":{"self":[{"href":"https:\/\/waldbauverein-otterberg.de\/index.php?rest_route=\/wp\/v2\/pages\/596","targetHints":{"allow":["GET"]}}],"collection":[{"href":"https:\/\/waldbauverein-otterberg.de\/index.php?rest_route=\/wp\/v2\/pages"}],"about":[{"href":"https:\/\/waldbauverein-otterberg.de\/index.php?rest_route=\/wp\/v2\/types\/page"}],"author":[{"embeddable":true,"href":"https:\/\/waldbauverein-otterberg.de\/index.php?rest_route=\/wp\/v2\/users\/1"}],"replies":[{"embeddable":true,"href":"https:\/\/waldbauverein-otterberg.de\/index.php?rest_route=%2Fwp%2Fv2%2Fcomments&post=596"}],"version-history":[{"count":1,"href":"https:\/\/waldbauverein-otterberg.de\/index.php?rest_route=\/wp\/v2\/pages\/596\/revisions"}],"predecessor-version":[{"id":599,"href":"https:\/\/waldbauverein-otterberg.de\/index.php?rest_route=\/wp\/v2\/pages\/596\/revisions\/599"}],"up":[{"embeddable":true,"href":"https:\/\/waldbauverein-otterberg.de\/index.php?rest_route=\/wp\/v2\/pages\/41"}],"wp:attachment":[{"href":"https:\/\/waldbauverein-otterberg.de\/index.php?rest_route=%2Fwp%2Fv2%2Fmedia&parent=596"}],"curies":[{"name":"wp","href":"https:\/\/api.w.org\/{rel}","templated":true}]}}