{"id":693,"date":"2025-04-24T21:21:24","date_gmt":"2025-04-24T21:21:24","guid":{"rendered":"https:\/\/waldbauverein-otterberg.de\/?page_id=693"},"modified":"2025-10-23T22:21:53","modified_gmt":"2025-10-23T22:21:53","slug":"wertholzlagerplatz-7-3-25","status":"publish","type":"page","link":"https:\/\/waldbauverein-otterberg.de\/?page_id=693","title":{"rendered":"Wertholzlagerplatz 7.3.25"},"content":{"rendered":"\n<p>Am 07.03.2025 f\u00fchrte der Waldbauverein Otterberg eine Exkursion zum Wertholzlagerplatz Menschenhaus\/Neunkirchen durch.&nbsp;<\/p>\n\n\n\n<p>Herr Sebastian Erfurt (Gesch\u00e4ftsbereichsleiter Holzvermarktung Saarforst), Sybille Rauchheld (Revierf\u00f6rsterin Revier Ottweiler\/ ehemalige Leiterin Holzvermarktung Saarforst) und Hans-J\u00fcrgen Pru\u00df (Forstwirtschaftsmeister a.D. und ehemaliger Platzwart) gaben uns Einblicke in die Holzvermarktung.<\/p>\n\n\n\n<figure class=\"wp-block-image size-large\"><img loading=\"lazy\" decoding=\"async\" width=\"1024\" height=\"459\" src=\"https:\/\/waldbauverein-otterberg.de\/wp-content\/uploads\/2025\/04\/08-Foerster-1024x459.jpg\" alt=\"\" class=\"wp-image-694\" srcset=\"https:\/\/waldbauverein-otterberg.de\/wp-content\/uploads\/2025\/04\/08-Foerster-1024x459.jpg 1024w, https:\/\/waldbauverein-otterberg.de\/wp-content\/uploads\/2025\/04\/08-Foerster-300x134.jpg 300w, https:\/\/waldbauverein-otterberg.de\/wp-content\/uploads\/2025\/04\/08-Foerster-150x67.jpg 150w, https:\/\/waldbauverein-otterberg.de\/wp-content\/uploads\/2025\/04\/08-Foerster-768x344.jpg 768w, https:\/\/waldbauverein-otterberg.de\/wp-content\/uploads\/2025\/04\/08-Foerster-1536x688.jpg 1536w, https:\/\/waldbauverein-otterberg.de\/wp-content\/uploads\/2025\/04\/08-Foerster-2048x918.jpg 2048w, https:\/\/waldbauverein-otterberg.de\/wp-content\/uploads\/2025\/04\/08-Foerster-1200x538.jpg 1200w, https:\/\/waldbauverein-otterberg.de\/wp-content\/uploads\/2025\/04\/08-Foerster-1980x887.jpg 1980w\" sizes=\"auto, (max-width: 1024px) 100vw, 1024px\" \/><figcaption class=\"wp-element-caption\">Von links nach rechts: Revierleiterin Hannah Sieren, Gesch\u00e4ftsbereichsleiter SaarForst Sebastian Erfurt, FAL a.D. &nbsp;Dieter Grauheding und &nbsp;FAL Tobias Adam<\/figcaption><\/figure>\n\n\n\n<p>Anhand einer Liste konnten die Mitglieder ihre Preisvorstellungen mit den real erzielten Preisen vergleichen. Der teuerste Baum kam aus dem Forstamt Otterberg. Die Braut brachte bei einem Festmeterpreis von  2.990 Euro und einem Durchmesser von 87 cm den stolzen Betrag von 17.761 Euro.<\/p>\n\n\n\n<figure class=\"wp-block-image size-large\"><img loading=\"lazy\" decoding=\"async\" width=\"967\" height=\"1024\" src=\"https:\/\/waldbauverein-otterberg.de\/wp-content\/uploads\/2025\/04\/2025_Exkursion_Wertholzlagerplatz_Menschenhaus-967x1024.jpg\" alt=\"\" class=\"wp-image-695\" srcset=\"https:\/\/waldbauverein-otterberg.de\/wp-content\/uploads\/2025\/04\/2025_Exkursion_Wertholzlagerplatz_Menschenhaus-967x1024.jpg 967w, https:\/\/waldbauverein-otterberg.de\/wp-content\/uploads\/2025\/04\/2025_Exkursion_Wertholzlagerplatz_Menschenhaus-283x300.jpg 283w, https:\/\/waldbauverein-otterberg.de\/wp-content\/uploads\/2025\/04\/2025_Exkursion_Wertholzlagerplatz_Menschenhaus-142x150.jpg 142w, https:\/\/waldbauverein-otterberg.de\/wp-content\/uploads\/2025\/04\/2025_Exkursion_Wertholzlagerplatz_Menschenhaus-768x813.jpg 768w, https:\/\/waldbauverein-otterberg.de\/wp-content\/uploads\/2025\/04\/2025_Exkursion_Wertholzlagerplatz_Menschenhaus-1451x1536.jpg 1451w, https:\/\/waldbauverein-otterberg.de\/wp-content\/uploads\/2025\/04\/2025_Exkursion_Wertholzlagerplatz_Menschenhaus-1935x2048.jpg 1935w, https:\/\/waldbauverein-otterberg.de\/wp-content\/uploads\/2025\/04\/2025_Exkursion_Wertholzlagerplatz_Menschenhaus-1200x1270.jpg 1200w, https:\/\/waldbauverein-otterberg.de\/wp-content\/uploads\/2025\/04\/2025_Exkursion_Wertholzlagerplatz_Menschenhaus-1980x2096.jpg 1980w\" sizes=\"auto, (max-width: 967px) 100vw, 967px\" \/><figcaption class=\"wp-element-caption\">Ein Bild mit der sogenannten &#8222;Braut&#8220; und Forstamtsleiter Tobias Adam.<\/figcaption><\/figure>\n\n\n\n<p>In der Welt der Wertholzsubmission nennt man den teuersten Stamm oft <strong>&#8222;Braut&#8220;<\/strong>. Der Begriff kommt aus der Tradition, dass die &#8222;Braut&#8220; etwas ganz Besonderes, Wertvolles und Begehrtes ist \u2013 also genau das, worauf alle Bieter besonders aus sind.<br>Die &#8222;Braut&#8220; ist also der sch\u00f6nste, hochwertigste und in der Regel teuerste Stamm einer Auktion \u2013 der absolute Star unter den H\u00f6lzern. Der Begriff soll auch ein bisschen die feierliche Stimmung und den Stolz ausdr\u00fccken, die rund um diese besonderen H\u00f6lzer herrschen.<br>In unserem Fall, war die Otterberger Braut tats\u00e4chlich ein makelloser Stamm: also ohne \u00c4ste, Risse oder Verf\u00e4rbungen und einem tadellosen Wuchsbild.<\/p>\n\n\n\n<figure class=\"wp-block-image size-large\"><img loading=\"lazy\" decoding=\"async\" width=\"1024\" height=\"459\" src=\"https:\/\/waldbauverein-otterberg.de\/wp-content\/uploads\/2025\/04\/13-Info-1024x459.jpg\" alt=\"\" class=\"wp-image-696\" srcset=\"https:\/\/waldbauverein-otterberg.de\/wp-content\/uploads\/2025\/04\/13-Info-1024x459.jpg 1024w, https:\/\/waldbauverein-otterberg.de\/wp-content\/uploads\/2025\/04\/13-Info-300x134.jpg 300w, https:\/\/waldbauverein-otterberg.de\/wp-content\/uploads\/2025\/04\/13-Info-150x67.jpg 150w, https:\/\/waldbauverein-otterberg.de\/wp-content\/uploads\/2025\/04\/13-Info-768x344.jpg 768w, https:\/\/waldbauverein-otterberg.de\/wp-content\/uploads\/2025\/04\/13-Info-1536x688.jpg 1536w, https:\/\/waldbauverein-otterberg.de\/wp-content\/uploads\/2025\/04\/13-Info-2048x918.jpg 2048w, https:\/\/waldbauverein-otterberg.de\/wp-content\/uploads\/2025\/04\/13-Info-1200x538.jpg 1200w, https:\/\/waldbauverein-otterberg.de\/wp-content\/uploads\/2025\/04\/13-Info-1980x887.jpg 1980w\" sizes=\"auto, (max-width: 1024px) 100vw, 1024px\" \/><\/figure>\n\n\n\n<p>Bei einem Abschluss in der Petersalm (J\u00e4gersburger Weiher) wurden noch andere allgemeine Themen rund um den Schutz, aber auch der allgemeinen Wertsch\u00e4tzung des Waldes besprochen. Auch der Wettergott meinte es gut mit der Gruppe, die an diesem Nachmittag viel \u00fcber die Holzvermarktung \u00fcber Submission erfahren hat.<\/p>\n","protected":false},"excerpt":{"rendered":"<p>Am 07.03.2025 f\u00fchrte der Waldbauverein Otterberg eine Exkursion zum Wertholzlagerplatz Menschenhaus\/Neunkirchen durch.&nbsp; Herr Sebastian Erfurt (Gesch\u00e4ftsbereichsleiter Holzvermarktung Saarforst), Sybille Rauchheld (Revierf\u00f6rsterin Revier Ottweiler\/ ehemalige Leiterin Holzvermarktung Saarforst) und Hans-J\u00fcrgen Pru\u00df (Forstwirtschaftsmeister a.D. und ehemaliger Platzwart) gaben uns Einblicke in die Holzvermarktung. Anhand einer Liste konnten die Mitglieder ihre Preisvorstellungen mit den real erzielten Preisen vergleichen. [&hellip;]<\/p>\n","protected":false},"author":1,"featured_media":0,"parent":41,"menu_order":30,"comment_status":"closed","ping_status":"closed","template":"","meta":{"footnotes":""},"class_list":["post-693","page","type-page","status-publish","hentry"],"_links":{"self":[{"href":"https:\/\/waldbauverein-otterberg.de\/index.php?rest_route=\/wp\/v2\/pages\/693","targetHints":{"allow":["GET"]}}],"collection":[{"href":"https:\/\/waldbauverein-otterberg.de\/index.php?rest_route=\/wp\/v2\/pages"}],"about":[{"href":"https:\/\/waldbauverein-otterberg.de\/index.php?rest_route=\/wp\/v2\/types\/page"}],"author":[{"embeddable":true,"href":"https:\/\/waldbauverein-otterberg.de\/index.php?rest_route=\/wp\/v2\/users\/1"}],"replies":[{"embeddable":true,"href":"https:\/\/waldbauverein-otterberg.de\/index.php?rest_route=%2Fwp%2Fv2%2Fcomments&post=693"}],"version-history":[{"count":3,"href":"https:\/\/waldbauverein-otterberg.de\/index.php?rest_route=\/wp\/v2\/pages\/693\/revisions"}],"predecessor-version":[{"id":702,"href":"https:\/\/waldbauverein-otterberg.de\/index.php?rest_route=\/wp\/v2\/pages\/693\/revisions\/702"}],"up":[{"embeddable":true,"href":"https:\/\/waldbauverein-otterberg.de\/index.php?rest_route=\/wp\/v2\/pages\/41"}],"wp:attachment":[{"href":"https:\/\/waldbauverein-otterberg.de\/index.php?rest_route=%2Fwp%2Fv2%2Fmedia&parent=693"}],"curies":[{"name":"wp","href":"https:\/\/api.w.org\/{rel}","templated":true}]}}