{"id":864,"date":"2026-05-14T06:03:48","date_gmt":"2026-05-14T06:03:48","guid":{"rendered":"https:\/\/waldbauverein-otterberg.de\/?page_id=864"},"modified":"2026-05-14T06:03:48","modified_gmt":"2026-05-14T06:03:48","slug":"wbv-im-dragonerloch","status":"publish","type":"page","link":"https:\/\/waldbauverein-otterberg.de\/?page_id=864","title":{"rendered":"WBV im Dragonerloch"},"content":{"rendered":"\n<p>Am Freitag, den 08. Mai, f\u00fchrte der Waldbauverein Otterberg e. V. mit rund zehn Teilnehmerinnen und Teilnehmern eine eineinhalbst\u00fcndige Exkursion zu einer waldwachstumskundlichen Kiefern-Versuchsfl\u00e4che im Revier Grafenthalerhof des Forstamtes Otterberg durch. Begleitet wurde die Veranstaltung vom 1. Vorsitzenden Martin M\u00fcller sowie dem 2. Vorsitzenden Herbert Brand. Unter der Leitung von Tobias Adam standen insbesondere die Zusammenh\u00e4nge zwischen Zuwachs, Vitalit\u00e4t und moderner Bestandeserziehung im Fokus.<br>Bemerkenswert war insbesondere die hohe Wuchsleistung einzelner Individuen: Trotz sichtbarer Vitalit\u00e4tsmerkmale erreichen die Kiefern auf der Versuchsfl\u00e4che nach rund 45 Jahren Brusth\u00f6hendurchmesser von bis zu etwa 45 Zentimetern &#8211; ein eindrucksvoller Hinweis auf das weiterhin hohe Wuchspotential. Die langfristigen Messreihen verdeutlichten zudem die Bedeutung fr\u00fchzeitiger, ma\u00dfvoller und wiederholter Durchforstungseingriffe.<br>In der gemeinsamen Diskussion wurde deutlich, dass klassische Ertragstafeln unter heutigen Umweltbedingungen h\u00e4ufig nur eingeschr\u00e4nkt aussagekr\u00e4ftig sind. Vielmehr gewinnen einzelbaumorientierte Beobachtung, adaptive Pflegekonzepte und die Ber\u00fccksichtigung stand\u00f6rtlicher Entwicklungen zunehmend an Bedeutung.<br>Die Exkursion bot den Teilnehmenden einen spannenden Einblick in die Verbindung von traditioneller Waldbaulehre und aktuellen ertragskundlichen Erkenntnissen &#8211; praxisnah, kritisch und zukunftsorientiert.<br><br><\/p>\n\n\n\n<figure class=\"wp-block-gallery has-nested-images columns-default is-cropped wp-block-gallery-1 is-layout-flex wp-block-gallery-is-layout-flex\">\n<figure class=\"wp-block-image size-large\"><img loading=\"lazy\" decoding=\"async\" width=\"768\" height=\"1024\" data-id=\"865\" src=\"https:\/\/waldbauverein-otterberg.de\/wp-content\/uploads\/2026\/05\/01_Bild_1-768x1024.jpg\" alt=\"\" class=\"wp-image-865\" srcset=\"https:\/\/waldbauverein-otterberg.de\/wp-content\/uploads\/2026\/05\/01_Bild_1-768x1024.jpg 768w, https:\/\/waldbauverein-otterberg.de\/wp-content\/uploads\/2026\/05\/01_Bild_1-225x300.jpg 225w, https:\/\/waldbauverein-otterberg.de\/wp-content\/uploads\/2026\/05\/01_Bild_1-113x150.jpg 113w, https:\/\/waldbauverein-otterberg.de\/wp-content\/uploads\/2026\/05\/01_Bild_1-1152x1536.jpg 1152w, https:\/\/waldbauverein-otterberg.de\/wp-content\/uploads\/2026\/05\/01_Bild_1.jpg 1200w\" sizes=\"auto, (max-width: 768px) 100vw, 768px\" \/><\/figure>\n\n\n\n<figure class=\"wp-block-image size-large\"><img loading=\"lazy\" decoding=\"async\" width=\"1024\" height=\"873\" data-id=\"866\" src=\"https:\/\/waldbauverein-otterberg.de\/wp-content\/uploads\/2026\/05\/02_Bild_2-1024x873.jpg\" alt=\"\" class=\"wp-image-866\" srcset=\"https:\/\/waldbauverein-otterberg.de\/wp-content\/uploads\/2026\/05\/02_Bild_2-1024x873.jpg 1024w, https:\/\/waldbauverein-otterberg.de\/wp-content\/uploads\/2026\/05\/02_Bild_2-300x256.jpg 300w, https:\/\/waldbauverein-otterberg.de\/wp-content\/uploads\/2026\/05\/02_Bild_2-150x128.jpg 150w, https:\/\/waldbauverein-otterberg.de\/wp-content\/uploads\/2026\/05\/02_Bild_2-768x655.jpg 768w, https:\/\/waldbauverein-otterberg.de\/wp-content\/uploads\/2026\/05\/02_Bild_2-1536x1309.jpg 1536w, https:\/\/waldbauverein-otterberg.de\/wp-content\/uploads\/2026\/05\/02_Bild_2-1200x1023.jpg 1200w, https:\/\/waldbauverein-otterberg.de\/wp-content\/uploads\/2026\/05\/02_Bild_2.jpg 1600w\" sizes=\"auto, (max-width: 1024px) 100vw, 1024px\" \/><\/figure>\n\n\n\n<figure class=\"wp-block-image size-large\"><img loading=\"lazy\" decoding=\"async\" width=\"1024\" height=\"768\" data-id=\"867\" src=\"https:\/\/waldbauverein-otterberg.de\/wp-content\/uploads\/2026\/05\/03_Bild_3-1024x768.jpg\" alt=\"\" class=\"wp-image-867\" srcset=\"https:\/\/waldbauverein-otterberg.de\/wp-content\/uploads\/2026\/05\/03_Bild_3-1024x768.jpg 1024w, https:\/\/waldbauverein-otterberg.de\/wp-content\/uploads\/2026\/05\/03_Bild_3-300x225.jpg 300w, https:\/\/waldbauverein-otterberg.de\/wp-content\/uploads\/2026\/05\/03_Bild_3-150x113.jpg 150w, https:\/\/waldbauverein-otterberg.de\/wp-content\/uploads\/2026\/05\/03_Bild_3-768x576.jpg 768w, https:\/\/waldbauverein-otterberg.de\/wp-content\/uploads\/2026\/05\/03_Bild_3-1536x1152.jpg 1536w, https:\/\/waldbauverein-otterberg.de\/wp-content\/uploads\/2026\/05\/03_Bild_3-1200x900.jpg 1200w, https:\/\/waldbauverein-otterberg.de\/wp-content\/uploads\/2026\/05\/03_Bild_3.jpg 1600w\" sizes=\"auto, (max-width: 1024px) 100vw, 1024px\" \/><\/figure>\n<\/figure>\n\n\n\n<div data-wp-interactive=\"core\/file\" class=\"wp-block-file\"><object data-wp-bind--hidden=\"!state.hasPdfPreview\" hidden class=\"wp-block-file__embed\" data=\"https:\/\/waldbauverein-otterberg.de\/wp-content\/uploads\/2026\/05\/Exkursionsbroschuere.pdf\" type=\"application\/pdf\" style=\"width:100%;height:600px\" aria-label=\"Einbettung von Exkursionsbrosch\u00fcre.\"><\/object><a id=\"wp-block-file--media-ee5ebe63-69c6-4d03-8b5d-7f987df9083b\" href=\"https:\/\/waldbauverein-otterberg.de\/wp-content\/uploads\/2026\/05\/Exkursionsbroschuere.pdf\">Exkursionsbrosch\u00fcre<\/a><a href=\"https:\/\/waldbauverein-otterberg.de\/wp-content\/uploads\/2026\/05\/Exkursionsbroschuere.pdf\" class=\"wp-block-file__button wp-element-button\" download aria-describedby=\"wp-block-file--media-ee5ebe63-69c6-4d03-8b5d-7f987df9083b\">Herunterladen<\/a><\/div>\n","protected":false},"excerpt":{"rendered":"<p>Am Freitag, den 08. Mai, f\u00fchrte der Waldbauverein Otterberg e. V. mit rund zehn Teilnehmerinnen und Teilnehmern eine eineinhalbst\u00fcndige Exkursion zu einer waldwachstumskundlichen Kiefern-Versuchsfl\u00e4che im Revier Grafenthalerhof des Forstamtes Otterberg durch. Begleitet wurde die Veranstaltung vom 1. Vorsitzenden Martin M\u00fcller sowie dem 2. Vorsitzenden Herbert Brand. Unter der Leitung von Tobias Adam standen insbesondere die [&hellip;]<\/p>\n","protected":false},"author":1,"featured_media":0,"parent":0,"menu_order":0,"comment_status":"closed","ping_status":"closed","template":"","meta":{"footnotes":""},"class_list":["post-864","page","type-page","status-publish","hentry"],"_links":{"self":[{"href":"https:\/\/waldbauverein-otterberg.de\/index.php?rest_route=\/wp\/v2\/pages\/864","targetHints":{"allow":["GET"]}}],"collection":[{"href":"https:\/\/waldbauverein-otterberg.de\/index.php?rest_route=\/wp\/v2\/pages"}],"about":[{"href":"https:\/\/waldbauverein-otterberg.de\/index.php?rest_route=\/wp\/v2\/types\/page"}],"author":[{"embeddable":true,"href":"https:\/\/waldbauverein-otterberg.de\/index.php?rest_route=\/wp\/v2\/users\/1"}],"replies":[{"embeddable":true,"href":"https:\/\/waldbauverein-otterberg.de\/index.php?rest_route=%2Fwp%2Fv2%2Fcomments&post=864"}],"version-history":[{"count":1,"href":"https:\/\/waldbauverein-otterberg.de\/index.php?rest_route=\/wp\/v2\/pages\/864\/revisions"}],"predecessor-version":[{"id":871,"href":"https:\/\/waldbauverein-otterberg.de\/index.php?rest_route=\/wp\/v2\/pages\/864\/revisions\/871"}],"wp:attachment":[{"href":"https:\/\/waldbauverein-otterberg.de\/index.php?rest_route=%2Fwp%2Fv2%2Fmedia&parent=864"}],"curies":[{"name":"wp","href":"https:\/\/api.w.org\/{rel}","templated":true}]}}