{"id":9,"date":"2020-02-19T16:18:49","date_gmt":"2020-02-19T16:18:49","guid":{"rendered":"https:\/\/waldbauverein-otterberg.de\/?page_id=9"},"modified":"2025-08-28T10:24:24","modified_gmt":"2025-08-28T10:24:24","slug":"waldbauverein-otterberg","status":"publish","type":"page","link":"https:\/\/waldbauverein-otterberg.de\/","title":{"rendered":"WBV  Otterberg"},"content":{"rendered":"\n<figure class=\"wp-block-image size-large\"><img loading=\"lazy\" decoding=\"async\" width=\"1017\" height=\"560\" src=\"https:\/\/waldbauverein-otterberg.de\/wp-content\/uploads\/2020\/12\/LOGO-WBV.png\" alt=\"\" class=\"wp-image-188\" srcset=\"https:\/\/waldbauverein-otterberg.de\/wp-content\/uploads\/2020\/12\/LOGO-WBV.png 1017w, https:\/\/waldbauverein-otterberg.de\/wp-content\/uploads\/2020\/12\/LOGO-WBV-300x165.png 300w, https:\/\/waldbauverein-otterberg.de\/wp-content\/uploads\/2020\/12\/LOGO-WBV-150x83.png 150w, https:\/\/waldbauverein-otterberg.de\/wp-content\/uploads\/2020\/12\/LOGO-WBV-768x423.png 768w\" sizes=\"auto, (max-width: 1017px) 100vw, 1017px\" \/><\/figure>\n\n\n\n<p><strong>Wald ist mehr als die Summe der B\u00e4ume.<\/strong> <br><strong>Wald ist &nbsp;das Miteinander und F\u00fcreinander<\/strong> <strong>von Pflanzen und Tieren, Sichtbaren und Unsichtbaren, <\/strong> <strong>Jungen und Alten auf engstem Raum<\/strong> <strong>und gro\u00dfer Fl\u00e4che.<\/strong> <br><strong>Wald lehrt uns, dass Monotonie den<\/strong> <strong>Geist verd\u00fcstert und das Leben gef\u00e4hrdet.<\/strong> <br><strong>Wald lehrt uns Menschlichkeit.<\/strong> <br><strong>Er zeigt dem Wissenden, das nicht nur<\/strong> <strong>das Vollkommene, Unverzichtbare<\/strong> <strong>Dienste f\u00fcr die Lebensgemeinschaft leistet. &nbsp; &nbsp; &nbsp;&nbsp;<\/strong><\/p>\n\n\n\n<p><strong>Willkommen auf unserer Internetpr\u00e4senz (Homepage). <\/strong><br><\/p>\n\n\n\n<h3 class=\"wp-block-heading has-text-color\" style=\"color:#20722e\"><em>Gemeinsam f\u00fcr unsere W\u00e4lder<\/em><\/h3>\n\n\n\n<p class=\"has-text-color\" style=\"color:#006321\"><strong>Der Waldbauverein Otterberg e. V. ist eine starke Interessengemeinschaft von  498\u00a0privaten Waldbesitzern und Waldfreunden<\/strong> <strong>mit Schwerpunkt in den Forst\u00e4mtern\u00a0Donnersberg und Otterberg.<\/strong><\/p>\n\n\n\n<p><\/p>\n","protected":false},"excerpt":{"rendered":"<p>Wald ist mehr als die Summe der B\u00e4ume. Wald ist &nbsp;das Miteinander und F\u00fcreinander von Pflanzen und Tieren, Sichtbaren und Unsichtbaren, Jungen und Alten auf engstem Raum und gro\u00dfer Fl\u00e4che. Wald lehrt uns, dass Monotonie den Geist verd\u00fcstert und das Leben gef\u00e4hrdet. Wald lehrt uns Menschlichkeit. Er zeigt dem Wissenden, das nicht nur das Vollkommene, [&hellip;]<\/p>\n","protected":false},"author":1,"featured_media":0,"parent":0,"menu_order":0,"comment_status":"closed","ping_status":"closed","template":"","meta":{"footnotes":""},"class_list":["post-9","page","type-page","status-publish","hentry"],"_links":{"self":[{"href":"https:\/\/waldbauverein-otterberg.de\/index.php?rest_route=\/wp\/v2\/pages\/9","targetHints":{"allow":["GET"]}}],"collection":[{"href":"https:\/\/waldbauverein-otterberg.de\/index.php?rest_route=\/wp\/v2\/pages"}],"about":[{"href":"https:\/\/waldbauverein-otterberg.de\/index.php?rest_route=\/wp\/v2\/types\/page"}],"author":[{"embeddable":true,"href":"https:\/\/waldbauverein-otterberg.de\/index.php?rest_route=\/wp\/v2\/users\/1"}],"replies":[{"embeddable":true,"href":"https:\/\/waldbauverein-otterberg.de\/index.php?rest_route=%2Fwp%2Fv2%2Fcomments&post=9"}],"version-history":[{"count":21,"href":"https:\/\/waldbauverein-otterberg.de\/index.php?rest_route=\/wp\/v2\/pages\/9\/revisions"}],"predecessor-version":[{"id":725,"href":"https:\/\/waldbauverein-otterberg.de\/index.php?rest_route=\/wp\/v2\/pages\/9\/revisions\/725"}],"wp:attachment":[{"href":"https:\/\/waldbauverein-otterberg.de\/index.php?rest_route=%2Fwp%2Fv2%2Fmedia&parent=9"}],"curies":[{"name":"wp","href":"https:\/\/api.w.org\/{rel}","templated":true}]}}